Last updated on 2024-06-15 12:48:14 CEST.
Flavor | Version | Tinstall | Tcheck | Ttotal | Status | Flags |
---|---|---|---|---|---|---|
r-devel-linux-x86_64-debian-clang | 0.1.2 | 58.58 | 469.57 | 528.15 | NOTE | |
r-devel-linux-x86_64-debian-gcc | 0.1.2 | 40.08 | 348.82 | 388.90 | NOTE | |
r-devel-linux-x86_64-fedora-clang | 0.1.2 | 677.27 | NOTE | |||
r-devel-linux-x86_64-fedora-gcc | 0.1.2 | 696.59 | NOTE | |||
r-devel-windows-x86_64 | 0.1.2 | 56.00 | 428.00 | 484.00 | NOTE | |
r-patched-linux-x86_64 | 0.1.2 | 47.97 | 457.14 | 505.11 | NOTE | |
r-release-linux-x86_64 | 0.1.2 | 52.33 | 458.03 | 510.36 | NOTE | |
r-release-macos-arm64 | 0.1.2 | 196.00 | NOTE | |||
r-release-macos-x86_64 | 0.1.2 | 290.00 | NOTE | |||
r-release-windows-x86_64 | 0.1.2 | 57.00 | 427.00 | 484.00 | NOTE | |
r-oldrel-macos-arm64 | 0.1.2 | 190.00 | NOTE | |||
r-oldrel-macos-x86_64 | 0.1.2 | 263.00 | NOTE | |||
r-oldrel-windows-x86_64 | 0.1.2 | 68.00 | 539.00 | 607.00 | NOTE |
Version: 0.1.2
Check: package dependencies
Result: NOTE
Package suggested but not available for checking: ‘lixoftConnectors’
Flavors: r-devel-linux-x86_64-debian-clang, r-devel-linux-x86_64-debian-gcc, r-devel-linux-x86_64-fedora-clang, r-devel-linux-x86_64-fedora-gcc, r-devel-windows-x86_64, r-patched-linux-x86_64, r-release-linux-x86_64, r-release-macos-arm64, r-release-macos-x86_64, r-release-windows-x86_64, r-oldrel-macos-arm64, r-oldrel-macos-x86_64, r-oldrel-windows-x86_64