CRAN Package Check Results for Package xlsx2dfs

Last updated on 2025-07-03 13:48:50 CEST.

Flavor Version Tinstall Tcheck Ttotal Status Flags
r-devel-linux-x86_64-debian-clang 0.1.0 1.81 30.81 32.62 OK
r-devel-linux-x86_64-debian-gcc 0.1.0 1.87 24.29 26.16 OK
r-devel-linux-x86_64-fedora-clang 0.1.0 52.08 OK
r-devel-linux-x86_64-fedora-gcc 0.1.0 64.21 OK
r-devel-windows-x86_64 0.1.0 4.00 56.00 60.00 OK
r-patched-linux-x86_64 0.1.0 2.24 29.31 31.55 OK
r-release-linux-x86_64 0.1.0 1.97 29.32 31.29 OK
r-release-macos-arm64 0.1.0 26.00 OK
r-release-macos-x86_64 0.1.0 50.00 OK
r-release-windows-x86_64 0.1.0 4.00 56.00 60.00 OK
r-oldrel-macos-arm64 0.1.0 24.00 NOTE
r-oldrel-macos-x86_64 0.1.0 37.00 NOTE
r-oldrel-windows-x86_64 0.1.0 4.00 60.00 64.00 NOTE

Check Details

Version: 0.1.0
Check: LazyData
Result: NOTE 'LazyData' is specified without a 'data' directory Flavors: r-oldrel-macos-arm64, r-oldrel-macos-x86_64, r-oldrel-windows-x86_64