Last updated on 2025-10-24 12:50:28 CEST.
| Flavor | Version | Tinstall | Tcheck | Ttotal | Status | Flags |
|---|---|---|---|---|---|---|
| r-devel-linux-x86_64-debian-clang | 0.2 | 1.62 | 18.20 | 19.82 | NOTE | |
| r-devel-linux-x86_64-debian-gcc | 0.2 | 1.46 | 15.15 | 16.61 | NOTE | |
| r-devel-linux-x86_64-fedora-clang | 0.2 | 29.88 | OK | |||
| r-devel-linux-x86_64-fedora-gcc | 0.2 | 27.43 | OK | |||
| r-devel-windows-x86_64 | 0.2 | 4.00 | 34.00 | 38.00 | OK | |
| r-patched-linux-x86_64 | 0.2 | 1.84 | 17.22 | 19.06 | OK | |
| r-release-linux-x86_64 | 0.2 | 1.77 | 17.08 | 18.85 | OK | |
| r-release-macos-arm64 | 0.2 | 1.00 | 13.00 | 14.00 | OK | |
| r-release-macos-x86_64 | 0.2 | 2.00 | 21.00 | 23.00 | OK | |
| r-release-windows-x86_64 | 0.2 | 4.00 | 37.00 | 41.00 | OK | |
| r-oldrel-macos-arm64 | 0.2 | 1.00 | 12.00 | 13.00 | OK | |
| r-oldrel-macos-x86_64 | 0.2 | 1.00 | 17.00 | 18.00 | OK | |
| r-oldrel-windows-x86_64 | 0.2 | 2.00 | 34.00 | 36.00 | OK |
Version: 0.2
Check: CRAN incoming feasibility
Result: NOTE
Maintainer: ‘Sudarson Mothilal Thoppay <sudarson@outlook.com>’
No Authors@R field in DESCRIPTION.
Please add one, modifying
Authors@R: person(given = c("Sudarson", "Mothilal"),
family = "Thoppay",
role = c("aut", "cre"),
email = "sudarson@outlook.com")
as necessary.
Flavors: r-devel-linux-x86_64-debian-clang, r-devel-linux-x86_64-debian-gcc