Last updated on 2025-10-24 12:50:28 CEST.
| Flavor | Version | Tinstall | Tcheck | Ttotal | Status | Flags |
|---|---|---|---|---|---|---|
| r-devel-linux-x86_64-debian-clang | 0.2.1 | 2.18 | 21.90 | 24.08 | NOTE | |
| r-devel-linux-x86_64-debian-gcc | 0.2.1 | 1.62 | 18.02 | 19.64 | NOTE | |
| r-devel-linux-x86_64-fedora-clang | 0.2.1 | 14.00 | 23.89 | 37.89 | OK | |
| r-devel-linux-x86_64-fedora-gcc | 0.2.1 | 34.07 | OK | |||
| r-devel-windows-x86_64 | 0.2.1 | 4.00 | 39.00 | 43.00 | OK | |
| r-patched-linux-x86_64 | 0.2.1 | 2.53 | 20.97 | 23.50 | OK | |
| r-release-linux-x86_64 | 0.2.1 | 1.88 | 20.80 | 22.68 | OK | |
| r-release-macos-arm64 | 0.2.1 | 1.00 | 15.00 | 16.00 | OK | |
| r-release-macos-x86_64 | 0.2.1 | 2.00 | 22.00 | 24.00 | OK | |
| r-release-windows-x86_64 | 0.2.1 | 5.00 | 40.00 | 45.00 | OK | |
| r-oldrel-macos-arm64 | 0.2.1 | 1.00 | 14.00 | 15.00 | OK | |
| r-oldrel-macos-x86_64 | 0.2.1 | 3.00 | 19.00 | 22.00 | OK | |
| r-oldrel-windows-x86_64 | 0.2.1 | 3.00 | 39.00 | 42.00 | OK |
Version: 0.2.1
Check: CRAN incoming feasibility
Result: NOTE
Maintainer: ‘Joerg grosse Schlarmann (aka Produnis) <schlarmann@produnis.de>’
No Authors@R field in DESCRIPTION.
Please add one, modifying
Authors@R: person(given = c("Joerg", "grosse"),
family = "Schlarmann",
role = c("aut", "cre"),
email = "schlarmann@produnis.de",
comment = "aka Produnis")
as necessary.
Flavors: r-devel-linux-x86_64-debian-clang, r-devel-linux-x86_64-debian-gcc