CRAN Package Check Results for Package websearchr

Last updated on 2025-10-24 00:51:21 CEST.

Flavor Version Tinstall Tcheck Ttotal Status Flags
r-devel-linux-x86_64-debian-clang 0.0.3 1.83 21.16 22.99 OK
r-devel-linux-x86_64-debian-gcc 0.0.3 1.46 17.27 18.73 OK
r-devel-linux-x86_64-fedora-clang 0.0.3 10.00 23.45 33.45 OK
r-devel-linux-x86_64-fedora-gcc 0.0.3 30.33 OK
r-devel-windows-x86_64 0.0.3 3.00 41.00 44.00 OK
r-patched-linux-x86_64 0.0.3 1.95 18.98 20.93 OK
r-release-linux-x86_64 0.0.3 1.72 19.19 20.91 OK
r-release-macos-arm64 0.0.3 1.00 15.00 16.00 OK
r-release-macos-x86_64 0.0.3 3.00 39.00 42.00 OK
r-release-windows-x86_64 0.0.3 3.00 48.00 51.00 OK
r-oldrel-macos-arm64 0.0.3 1.00 19.00 20.00 NOTE
r-oldrel-macos-x86_64 0.0.3 1.00 26.00 27.00 NOTE
r-oldrel-windows-x86_64 0.0.3 3.00 40.00 43.00 NOTE

Check Details

Version: 0.0.3
Check: LazyData
Result: NOTE 'LazyData' is specified without a 'data' directory Flavors: r-oldrel-macos-arm64, r-oldrel-macos-x86_64, r-oldrel-windows-x86_64