Last updated on 2025-10-24 12:50:28 CEST.
| Flavor | Version | Tinstall | Tcheck | Ttotal | Status | Flags |
|---|---|---|---|---|---|---|
| r-devel-linux-x86_64-debian-clang | 1.1.37 | 27.54 | 178.64 | 206.18 | OK | |
| r-devel-linux-x86_64-debian-gcc | 1.1.37 | 18.65 | 121.81 | 140.46 | OK | |
| r-devel-linux-x86_64-fedora-clang | 1.1.37 | 263.00 | 84.67 | 347.67 | OK | |
| r-devel-linux-x86_64-fedora-gcc | 1.1.37 | 153.00 | 185.91 | 338.91 | OK | |
| r-release-macos-arm64 | 1.1.37 | 12.00 | 81.00 | 93.00 | OK | |
| r-release-macos-x86_64 | 1.1.37 | 38.00 | 265.00 | 303.00 | OK | |
| r-oldrel-macos-arm64 | 1.1.37 | 12.00 | 84.00 | 96.00 | NOTE | |
| r-oldrel-macos-x86_64 | 1.1.37 | 37.00 | 267.00 | 304.00 | NOTE | |
| r-oldrel-windows-x86_64 | 1.1.37 | 51.00 | 301.00 | 352.00 | NOTE |
Version: 1.1.37
Check: installed package size
Result: NOTE
installed size is 7.5Mb
sub-directories of 1Mb or more:
doc 5.4Mb
Flavors: r-oldrel-macos-arm64, r-oldrel-macos-x86_64, r-oldrel-windows-x86_64