Last updated on 2025-07-03 13:48:49 CEST.
Flavor | Version | Tinstall | Tcheck | Ttotal | Status | Flags |
---|---|---|---|---|---|---|
r-devel-linux-x86_64-debian-clang | 0.1.1 | 8.01 | 63.04 | 71.05 | OK | |
r-devel-linux-x86_64-debian-gcc | 0.1.1 | 5.40 | 46.09 | 51.49 | OK | |
r-devel-linux-x86_64-fedora-clang | 0.1.1 | 110.70 | OK | |||
r-devel-linux-x86_64-fedora-gcc | 0.1.1 | 110.60 | OK | |||
r-devel-windows-x86_64 | 0.1.1 | 8.00 | 74.00 | 82.00 | OK | |
r-patched-linux-x86_64 | 0.1.1 | 8.00 | 58.73 | 66.73 | OK | |
r-release-linux-x86_64 | 0.1.1 | 7.65 | 58.96 | 66.61 | OK | |
r-release-macos-arm64 | 0.1.1 | 32.00 | OK | |||
r-release-macos-x86_64 | 0.1.1 | 67.00 | OK | |||
r-release-windows-x86_64 | 0.1.1 | 9.00 | 78.00 | 87.00 | OK | |
r-oldrel-macos-arm64 | 0.1.1 | 30.00 | NOTE | |||
r-oldrel-macos-x86_64 | 0.1.1 | 57.00 | NOTE | |||
r-oldrel-windows-x86_64 | 0.1.1 | 11.00 | 91.00 | 102.00 | NOTE |
Version: 0.1.1
Check: LazyData
Result: NOTE
'LazyData' is specified without a 'data' directory
Flavors: r-oldrel-macos-arm64, r-oldrel-macos-x86_64, r-oldrel-windows-x86_64