Last updated on 2025-07-04 12:49:16 CEST.
Flavor | Version | Tinstall | Tcheck | Ttotal | Status | Flags |
---|---|---|---|---|---|---|
r-devel-linux-x86_64-debian-clang | 0.32.7 | 7.31 | 58.79 | 66.10 | NOTE | |
r-devel-linux-x86_64-debian-gcc | 0.32.7 | 4.69 | 43.55 | 48.24 | NOTE | |
r-devel-linux-x86_64-fedora-clang | 0.35.1 | 85.40 | OK | |||
r-devel-linux-x86_64-fedora-gcc | 0.35.1 | 97.72 | OK | |||
r-devel-windows-x86_64 | 0.32.7 | 9.00 | 79.00 | 88.00 | NOTE | |
r-patched-linux-x86_64 | 0.32.7 | 7.43 | 53.91 | 61.34 | NOTE | |
r-release-linux-x86_64 | 0.32.7 | 7.26 | 52.95 | 60.21 | NOTE | |
r-release-macos-arm64 | 0.32.7 | 41.00 | OK | |||
r-release-macos-x86_64 | 0.35.1 | 64.00 | OK | |||
r-release-windows-x86_64 | 0.32.7 | 10.00 | 76.00 | 86.00 | OK | |
r-oldrel-macos-arm64 | 0.32.7 | 40.00 | OK | |||
r-oldrel-macos-x86_64 | 0.35.1 | 72.00 | OK | |||
r-oldrel-windows-x86_64 | 0.32.7 | 13.00 | 88.00 | 101.00 | OK |
Version: 0.32.7
Check: Rd cross-references
Result: NOTE
Unknown package ‘rtweet’ in Rd xrefs
Flavors: r-devel-linux-x86_64-debian-clang, r-devel-linux-x86_64-debian-gcc, r-devel-windows-x86_64, r-patched-linux-x86_64, r-release-linux-x86_64