Last updated on 2025-11-21 00:48:47 CET.
| Flavor | Version | Tinstall | Tcheck | Ttotal | Status | Flags |
|---|---|---|---|---|---|---|
| r-devel-linux-x86_64-debian-clang | 0.0.1 | 1.70 | 18.25 | 19.95 | NOTE | |
| r-devel-linux-x86_64-debian-gcc | 0.0.1 | 1.36 | 15.41 | 16.77 | NOTE | |
| r-devel-linux-x86_64-fedora-clang | 0.0.1 | 29.31 | OK | |||
| r-devel-linux-x86_64-fedora-gcc | 0.0.1 | 27.51 | OK | |||
| r-devel-windows-x86_64 | 0.0.1 | 2.00 | 32.00 | 34.00 | OK | |
| r-patched-linux-x86_64 | 0.0.1 | 1.54 | 17.08 | 18.62 | OK | |
| r-release-linux-x86_64 | 0.0.1 | 1.61 | 17.08 | 18.69 | OK | |
| r-release-macos-arm64 | 0.0.1 | OK | ||||
| r-release-macos-x86_64 | 0.0.1 | 2.00 | 24.00 | 26.00 | OK | |
| r-release-windows-x86_64 | 0.0.1 | 2.00 | 33.00 | 35.00 | OK | |
| r-oldrel-macos-arm64 | 0.0.1 | OK | ||||
| r-oldrel-macos-x86_64 | 0.0.1 | 2.00 | 24.00 | 26.00 | OK | |
| r-oldrel-windows-x86_64 | 0.0.1 | 2.00 | 34.00 | 36.00 | OK |
Version: 0.0.1
Check: CRAN incoming feasibility
Result: NOTE
Maintainer: ‘Michael Chirico <MichaelChirico4@gmail.com>’
No Authors@R field in DESCRIPTION.
Please add one, modifying
Authors@R: person(given = "Michael",
family = "Chirico",
role = c("aut", "cre"),
email = "michaelchirico4@gmail.com")
as necessary.
Flavors: r-devel-linux-x86_64-debian-clang, r-devel-linux-x86_64-debian-gcc