Last updated on 2025-10-24 12:50:27 CEST.
| Flavor | Version | Tinstall | Tcheck | Ttotal | Status | Flags |
|---|---|---|---|---|---|---|
| r-devel-linux-x86_64-debian-clang | 0.0.1 | 1.71 | 20.11 | 21.82 | NOTE | |
| r-devel-linux-x86_64-debian-gcc | 0.0.1 | 1.41 | 16.34 | 17.75 | NOTE | |
| r-devel-linux-x86_64-fedora-clang | 0.0.1 | 30.67 | OK | |||
| r-devel-linux-x86_64-fedora-gcc | 0.0.1 | 28.62 | OK | |||
| r-devel-windows-x86_64 | 0.0.1 | 3.00 | 35.00 | 38.00 | OK | |
| r-patched-linux-x86_64 | 0.0.1 | 1.88 | 17.90 | 19.78 | OK | |
| r-release-linux-x86_64 | 0.0.1 | 1.65 | 17.73 | 19.38 | OK | |
| r-release-macos-arm64 | 0.0.1 | 1.00 | 13.00 | 14.00 | OK | |
| r-release-macos-x86_64 | 0.0.1 | 2.00 | 20.00 | 22.00 | OK | |
| r-release-windows-x86_64 | 0.0.1 | 2.00 | 40.00 | 42.00 | OK | |
| r-oldrel-macos-arm64 | 0.0.1 | 1.00 | 13.00 | 14.00 | OK | |
| r-oldrel-macos-x86_64 | 0.0.1 | 2.00 | 18.00 | 20.00 | OK | |
| r-oldrel-windows-x86_64 | 0.0.1 | 2.00 | 43.00 | 45.00 | OK |
Version: 0.0.1
Check: CRAN incoming feasibility
Result: NOTE
Maintainer: ‘Clay Ford <joe.clayton.ford@gmail.com>’
The Description field contains
were downloaded from https://www.valottery.com/.
Please enclose URLs in angle brackets (<...>).
Flavors: r-devel-linux-x86_64-debian-clang, r-devel-linux-x86_64-debian-gcc