Last updated on 2025-10-24 12:50:27 CEST.
| Flavor | Version | Tinstall | Tcheck | Ttotal | Status | Flags |
|---|---|---|---|---|---|---|
| r-devel-linux-x86_64-debian-clang | 0.5-8 | 2.89 | 30.82 | 33.71 | NOTE | |
| r-devel-linux-x86_64-debian-gcc | 0.5-8 | 2.22 | 23.86 | 26.08 | NOTE | |
| r-devel-linux-x86_64-fedora-clang | 0.5-8 | 52.76 | OK | |||
| r-devel-linux-x86_64-fedora-gcc | 0.5-8 | 65.42 | OK | |||
| r-devel-windows-x86_64 | 0.5-8 | 6.00 | 61.00 | 67.00 | OK | |
| r-patched-linux-x86_64 | 0.5-8 | 2.78 | 29.62 | 32.40 | OK | |
| r-release-linux-x86_64 | 0.5-8 | 2.51 | 29.68 | 32.19 | OK | |
| r-release-macos-arm64 | 0.5-8 | 2.00 | 32.00 | 34.00 | OK | |
| r-release-macos-x86_64 | 0.5-8 | 4.00 | 47.00 | 51.00 | OK | |
| r-release-windows-x86_64 | 0.5-8 | 7.00 | 68.00 | 75.00 | OK | |
| r-oldrel-macos-arm64 | 0.5-8 | 2.00 | 24.00 | 26.00 | OK | |
| r-oldrel-macos-x86_64 | 0.5-8 | 3.00 | 35.00 | 38.00 | OK | |
| r-oldrel-windows-x86_64 | 0.5-8 | 5.00 | 61.00 | 66.00 | OK |
Version: 0.5-8
Check: CRAN incoming feasibility
Result: NOTE
Maintainer: ‘Charles J. Geyer <charlie@stat.umn.edu>’
No Authors@R field in DESCRIPTION.
Please add one, modifying
Authors@R: c(person(given = c("Charles", "J."),
family = "Geyer",
role = c("aut", "cre"),
email = "charlie@stat.umn.edu"),
person(given = c("Glen", "D."),
family = "Meeden",
role = "aut",
email = "glen@stat.umn.edu"))
as necessary.
Flavors: r-devel-linux-x86_64-debian-clang, r-devel-linux-x86_64-debian-gcc