Last updated on 2025-10-24 12:50:27 CEST.
| Flavor | Version | Tinstall | Tcheck | Ttotal | Status | Flags |
|---|---|---|---|---|---|---|
| r-devel-linux-x86_64-debian-clang | 0.13.2.2 | 4.75 | 21.02 | 25.77 | NOTE | |
| r-devel-linux-x86_64-debian-gcc | 0.13.2.2 | 3.94 | 17.66 | 21.60 | NOTE | |
| r-devel-linux-x86_64-fedora-clang | 0.13.2.2 | 18.00 | 22.38 | 40.38 | OK | |
| r-devel-linux-x86_64-fedora-gcc | 0.13.2.2 | 12.00 | 25.43 | 37.43 | OK | |
| r-devel-windows-x86_64 | 0.13.2.2 | 6.00 | 40.00 | 46.00 | OK | |
| r-patched-linux-x86_64 | 0.13.2.2 | 3.94 | 20.24 | 24.18 | OK | |
| r-release-linux-x86_64 | 0.13.2.2 | 3.67 | 20.03 | 23.70 | OK | |
| r-release-macos-arm64 | 0.13.2.2 | 8.00 | 12.00 | 20.00 | OK | |
| r-release-macos-x86_64 | 0.13.2.2 | 25.00 | 23.00 | 48.00 | OK | |
| r-release-windows-x86_64 | 0.13.2.2 | 7.00 | 40.00 | 47.00 | OK | |
| r-oldrel-macos-arm64 | 0.13.2.2 | 8.00 | 18.00 | 26.00 | OK | |
| r-oldrel-macos-x86_64 | 0.13.2.2 | 21.00 | 28.00 | 49.00 | OK | |
| r-oldrel-windows-x86_64 | 0.13.2.2 | 8.00 | 45.00 | 53.00 | OK |
Version: 0.13.2.2
Check: DESCRIPTION meta-information
Result: NOTE
Maintainer field differs from that derived from Authors@R
Maintainer: ‘ORPHANED’
Authors@R: ‘James Hiebert <hiebert@uvic.ca>’
Flavors: r-devel-linux-x86_64-debian-clang, r-devel-linux-x86_64-debian-gcc