Last updated on 2025-10-24 12:50:26 CEST.
| Flavor | Version | Tinstall | Tcheck | Ttotal | Status | Flags |
|---|---|---|---|---|---|---|
| r-devel-linux-x86_64-debian-clang | 0.1.0 | 1.65 | 18.09 | 19.74 | OK | |
| r-devel-linux-x86_64-debian-gcc | 0.1.0 | 1.38 | 15.07 | 16.45 | OK | |
| r-devel-linux-x86_64-fedora-clang | 0.1.0 | 30.83 | OK | |||
| r-devel-linux-x86_64-fedora-gcc | 0.1.0 | 28.75 | OK | |||
| r-devel-windows-x86_64 | 0.1.0 | 3.00 | 36.00 | 39.00 | OK | |
| r-patched-linux-x86_64 | 0.1.0 | 1.70 | 17.04 | 18.74 | OK | |
| r-release-linux-x86_64 | 0.1.0 | 1.67 | 17.20 | 18.87 | OK | |
| r-release-macos-arm64 | 0.1.0 | 1.00 | 12.00 | 13.00 | OK | |
| r-release-macos-x86_64 | 0.1.0 | 1.00 | 21.00 | 22.00 | OK | |
| r-release-windows-x86_64 | 0.1.0 | 3.00 | 40.00 | 43.00 | OK | |
| r-oldrel-macos-arm64 | 0.1.0 | 1.00 | 11.00 | 12.00 | NOTE | |
| r-oldrel-macos-x86_64 | 0.1.0 | 2.00 | 18.00 | 20.00 | NOTE | |
| r-oldrel-windows-x86_64 | 0.1.0 | 2.00 | 38.00 | 40.00 | NOTE |
Version: 0.1.0
Check: LazyData
Result: NOTE
'LazyData' is specified without a 'data' directory
Flavors: r-oldrel-macos-arm64, r-oldrel-macos-x86_64, r-oldrel-windows-x86_64