CRAN Package Check Results for Package tripsAndDipR

Last updated on 2025-11-21 00:48:47 CET.

Flavor Version Tinstall Tcheck Ttotal Status Flags
r-devel-linux-x86_64-debian-clang 0.1.0 1.65 18.27 19.92 OK
r-devel-linux-x86_64-debian-gcc 0.1.0 1.41 15.28 16.69 OK
r-devel-linux-x86_64-fedora-clang 0.1.0 29.10 OK
r-devel-linux-x86_64-fedora-gcc 0.1.0 29.49 OK
r-devel-windows-x86_64 0.1.0 3.00 36.00 39.00 OK
r-patched-linux-x86_64 0.1.0 1.69 16.99 18.68 OK
r-release-linux-x86_64 0.1.0 1.70 17.12 18.82 OK
r-release-macos-arm64 0.1.0 OK
r-release-macos-x86_64 0.1.0 1.00 21.00 22.00 OK
r-release-windows-x86_64 0.1.0 3.00 36.00 39.00 OK
r-oldrel-macos-arm64 0.1.0 NOTE
r-oldrel-macos-x86_64 0.1.0 2.00 18.00 20.00 NOTE
r-oldrel-windows-x86_64 0.1.0 2.00 38.00 40.00 NOTE

Check Details

Version: 0.1.0
Check: LazyData
Result: NOTE 'LazyData' is specified without a 'data' directory Flavors: r-oldrel-macos-arm64, r-oldrel-macos-x86_64, r-oldrel-windows-x86_64