Last updated on 2025-10-24 12:50:26 CEST.
| Flavor | Version | Tinstall | Tcheck | Ttotal | Status | Flags |
|---|---|---|---|---|---|---|
| r-devel-linux-x86_64-debian-clang | 0.5.0 | 2.10 | 19.30 | 21.40 | OK | |
| r-devel-linux-x86_64-debian-gcc | 0.5.0 | 1.60 | 15.58 | 17.18 | OK | |
| r-devel-linux-x86_64-fedora-clang | 0.5.0 | 33.68 | OK | |||
| r-devel-linux-x86_64-fedora-gcc | 0.5.0 | 31.13 | OK | |||
| r-devel-windows-x86_64 | 0.5.0 | 3.00 | 34.00 | 37.00 | OK | |
| r-patched-linux-x86_64 | 0.5.0 | 2.03 | 18.30 | 20.33 | OK | |
| r-release-linux-x86_64 | 0.5.0 | 2.04 | 18.61 | 20.65 | OK | |
| r-release-macos-arm64 | 0.5.0 | 2.00 | 13.00 | 15.00 | OK | |
| r-release-macos-x86_64 | 0.5.0 | 2.00 | 20.00 | 22.00 | OK | |
| r-release-windows-x86_64 | 0.5.0 | 3.00 | 39.00 | 42.00 | OK | |
| r-oldrel-macos-arm64 | 0.5.0 | 1.00 | 11.00 | 12.00 | NOTE | |
| r-oldrel-macos-x86_64 | 0.5.0 | 2.00 | 17.00 | 19.00 | NOTE | |
| r-oldrel-windows-x86_64 | 0.5.0 | 3.00 | 36.00 | 39.00 | NOTE |
Version: 0.5.0
Check: LazyData
Result: NOTE
'LazyData' is specified without a 'data' directory
Flavors: r-oldrel-macos-arm64, r-oldrel-macos-x86_64, r-oldrel-windows-x86_64