CRAN Package Check Results for Package tmvtnorm

Last updated on 2025-07-04 00:50:21 CEST.

Flavor Version Tinstall Tcheck Ttotal Status Flags
r-devel-linux-x86_64-debian-clang 1.6 10.65 93.24 103.89 NOTE
r-devel-linux-x86_64-debian-gcc 1.6 7.73 66.89 74.62 NOTE
r-devel-linux-x86_64-fedora-clang 1.6 158.80 NOTE
r-devel-linux-x86_64-fedora-gcc 1.6 164.16 NOTE
r-devel-windows-x86_64 1.6 12.00 123.00 135.00 NOTE
r-patched-linux-x86_64 1.6 10.38 88.50 98.88 NOTE
r-release-linux-x86_64 1.6 10.12 88.56 98.68 NOTE
r-release-macos-arm64 1.6 67.00 OK
r-release-macos-x86_64 1.6 105.00 OK
r-release-windows-x86_64 1.6 13.00 124.00 137.00 NOTE
r-oldrel-macos-arm64 1.6 52.00 OK
r-oldrel-macos-x86_64 1.6 79.00 OK
r-oldrel-windows-x86_64 1.6 18.00 145.00 163.00 OK

Check Details

Version: 1.6
Check: Rd cross-references
Result: NOTE Found the following Rd file(s) with Rd \link{} targets missing package anchors: gmm.tmvnorm.Rd: gmm Please provide package anchors for all Rd \link{} targets not in the package itself and the base packages. Flavors: r-devel-linux-x86_64-debian-clang, r-devel-linux-x86_64-debian-gcc, r-devel-windows-x86_64, r-patched-linux-x86_64, r-release-linux-x86_64, r-release-windows-x86_64

Version: 1.6
Check: for unstated dependencies in ‘demo’
Result: NOTE 'library' or 'require' call not declared from: ‘rgl’ Flavors: r-devel-linux-x86_64-debian-clang, r-devel-linux-x86_64-debian-gcc, r-patched-linux-x86_64, r-release-linux-x86_64

Version: 1.6
Check: compiled code
Result: NOTE File ‘tmvtnorm/libs/tmvtnorm.so’: Found no calls to: ‘R_registerRoutines’, ‘R_useDynamicSymbols’ It is good practice to register native routines and to disable symbol search. See ‘Writing portable packages’ in the ‘Writing R Extensions’ manual. Flavors: r-devel-linux-x86_64-fedora-clang, r-devel-linux-x86_64-fedora-gcc