Last updated on 2025-07-04 12:49:15 CEST.
Flavor | Version | Tinstall | Tcheck | Ttotal | Status | Flags |
---|---|---|---|---|---|---|
r-devel-linux-x86_64-debian-clang | 1.3.1 | 15.32 | 147.76 | 163.08 | NOTE | |
r-devel-linux-x86_64-debian-gcc | 1.3.1 | 9.46 | 104.68 | 114.14 | NOTE | |
r-devel-linux-x86_64-fedora-clang | 1.3.1 | 245.39 | NOTE | |||
r-devel-linux-x86_64-fedora-gcc | 1.3.1 | 243.90 | NOTE | |||
r-devel-windows-x86_64 | 1.3.1 | 21.00 | 163.00 | 184.00 | NOTE | |
r-patched-linux-x86_64 | 1.3.1 | 17.23 | 138.54 | 155.77 | NOTE | |
r-release-linux-x86_64 | 1.3.1 | 15.90 | 139.63 | 155.53 | NOTE | |
r-release-macos-arm64 | 1.3.1 | 83.00 | NOTE | |||
r-release-macos-x86_64 | 1.3.1 | 161.00 | NOTE | |||
r-release-windows-x86_64 | 1.3.1 | 22.00 | 162.00 | 184.00 | NOTE | |
r-oldrel-macos-arm64 | 1.3.1 | 94.00 | OK | |||
r-oldrel-macos-x86_64 | 1.3.1 | 128.00 | OK | |||
r-oldrel-windows-x86_64 | 1.3.1 | 27.00 | 211.00 | 238.00 | OK |
Version: 1.3.1
Check: compiled code
Result: NOTE
File ‘tidyr/libs/tidyr.so’:
Found non-API call to R: ‘DATAPTR’
Compiled code should not call non-API entry points in R.
See ‘Writing portable packages’ in the ‘Writing R Extensions’ manual,
and section ‘Moving into C API compliance’ for issues with the use of
non-API entry points.
Flavors: r-devel-linux-x86_64-debian-clang, r-devel-linux-x86_64-debian-gcc, r-devel-linux-x86_64-fedora-clang, r-devel-linux-x86_64-fedora-gcc, r-patched-linux-x86_64, r-release-linux-x86_64, r-release-macos-arm64, r-release-macos-x86_64
Version: 1.3.1
Check: compiled code
Result: NOTE
File 'tidyr/libs/x64/tidyr.dll':
Found non-API call to R: 'DATAPTR'
Compiled code should not call non-API entry points in R.
See 'Writing portable packages' in the 'Writing R Extensions' manual,
and section 'Moving into C API compliance' for issues with the use of
non-API entry points.
Flavors: r-devel-windows-x86_64, r-release-windows-x86_64