Last updated on 2025-10-24 12:50:23 CEST.
| Flavor | Version | Tinstall | Tcheck | Ttotal | Status | Flags |
|---|---|---|---|---|---|---|
| r-devel-linux-x86_64-debian-clang | 0.1.5 | 2.65 | 22.62 | 25.27 | NOTE | |
| r-devel-linux-x86_64-debian-gcc | 0.1.5 | 1.86 | 17.33 | 19.19 | NOTE | |
| r-devel-linux-x86_64-fedora-clang | 0.1.5 | 12.00 | 27.47 | 39.47 | OK | |
| r-devel-linux-x86_64-fedora-gcc | 0.1.5 | 35.12 | OK | |||
| r-devel-windows-x86_64 | 0.1.5 | 3.00 | 40.00 | 43.00 | OK | |
| r-patched-linux-x86_64 | 0.1.5 | 2.32 | 21.25 | 23.57 | OK | |
| r-release-linux-x86_64 | 0.1.5 | 2.24 | 21.49 | 23.73 | OK | |
| r-release-macos-arm64 | 0.1.5 | 1.00 | 17.00 | 18.00 | OK | |
| r-release-macos-x86_64 | 0.1.5 | 3.00 | 34.00 | 37.00 | OK | |
| r-release-windows-x86_64 | 0.1.5 | 3.00 | 44.00 | 47.00 | OK | |
| r-oldrel-macos-arm64 | 0.1.5 | 1.00 | 14.00 | 15.00 | OK | |
| r-oldrel-macos-x86_64 | 0.1.5 | 2.00 | 21.00 | 23.00 | OK | |
| r-oldrel-windows-x86_64 | 0.1.5 | 3.00 | 41.00 | 44.00 | OK |
Version: 0.1.5
Check: CRAN incoming feasibility
Result: NOTE
Maintainer: ‘Dexter Cahoy <dexter.cahoy@gmail.com>’
No Authors@R field in DESCRIPTION.
Please add one, modifying
Authors@R: person(given = "Dexter",
family = "Cahoy",
role = c("aut", "cre"),
email = "dexter.cahoy@gmail.com")
as necessary.
Flavors: r-devel-linux-x86_64-debian-clang, r-devel-linux-x86_64-debian-gcc