Last updated on 2025-10-24 00:51:18 CEST.
| Flavor | Version | Tinstall | Tcheck | Ttotal | Status | Flags |
|---|---|---|---|---|---|---|
| r-devel-linux-x86_64-debian-clang | 1.3 | 3.31 | 25.62 | 28.93 | NOTE | |
| r-devel-linux-x86_64-debian-gcc | 1.3 | 2.67 | 20.23 | 22.90 | NOTE | |
| r-devel-linux-x86_64-fedora-clang | 1.3 | 16.00 | 27.66 | 43.66 | OK | |
| r-devel-linux-x86_64-fedora-gcc | 1.3 | 53.01 | OK | |||
| r-devel-windows-x86_64 | 1.3 | 6.00 | 50.00 | 56.00 | OK | |
| r-patched-linux-x86_64 | 1.3 | 3.24 | 24.43 | 27.67 | OK | |
| r-release-linux-x86_64 | 1.3 | 3.21 | 24.30 | 27.51 | OK | |
| r-release-macos-arm64 | 1.3 | 3.00 | 23.00 | 26.00 | OK | |
| r-release-macos-x86_64 | 1.3 | 4.00 | 39.00 | 43.00 | OK | |
| r-release-windows-x86_64 | 1.3 | 6.00 | 58.00 | 64.00 | OK | |
| r-oldrel-macos-arm64 | 1.3 | 3.00 | 21.00 | 24.00 | OK | |
| r-oldrel-macos-x86_64 | 1.3 | 3.00 | 31.00 | 34.00 | OK | |
| r-oldrel-windows-x86_64 | 1.3 | 6.00 | 53.00 | 59.00 | OK |
Version: 1.3
Check: CRAN incoming feasibility
Result: NOTE
Maintainer: ‘Jing Hua Zhao <jinghuazhao@hotmail.com>’
No Authors@R field in DESCRIPTION.
Please add one, modifying
Authors@R: c(person(given = "David",
family = "Clayton",
role = "aut"),
person(given = c("Jing", "Hua"),
family = "Zhao",
role = "cre",
email = "jinghuazhao@hotmail.com"))
as necessary.
Flavors: r-devel-linux-x86_64-debian-clang, r-devel-linux-x86_64-debian-gcc