Last updated on 2025-10-24 12:50:22 CEST.
| Flavor | Version | Tinstall | Tcheck | Ttotal | Status | Flags |
|---|---|---|---|---|---|---|
| r-devel-linux-x86_64-debian-clang | 0.9.9.3 | 4.36 | 23.95 | 28.31 | NOTE | |
| r-devel-linux-x86_64-debian-gcc | 0.9.9.3 | 3.38 | 17.99 | 21.37 | NOTE | |
| r-devel-linux-x86_64-fedora-clang | 0.9.9.3 | 10.00 | 28.93 | 38.93 | OK | |
| r-devel-linux-x86_64-fedora-gcc | 0.9.9.3 | 38.62 | OK | |||
| r-devel-windows-x86_64 | 0.9.9.3 | 10.00 | 45.00 | 55.00 | OK | |
| r-patched-linux-x86_64 | 0.9.9.3 | 4.08 | 21.53 | 25.61 | OK | |
| r-release-linux-x86_64 | 0.9.9.3 | 4.14 | 21.36 | 25.50 | OK | |
| r-release-macos-arm64 | 0.9.9.3 | 3.00 | 15.00 | 18.00 | OK | |
| r-release-macos-x86_64 | 0.9.9.3 | 6.00 | 24.00 | 30.00 | OK | |
| r-release-windows-x86_64 | 0.9.9.3 | 14.00 | 51.00 | 65.00 | OK | |
| r-oldrel-macos-arm64 | 0.9.9.3 | 3.00 | 15.00 | 18.00 | OK | |
| r-oldrel-macos-x86_64 | 0.9.9.3 | 4.00 | 22.00 | 26.00 | OK | |
| r-oldrel-windows-x86_64 | 0.9.9.3 | 9.00 | 45.00 | 54.00 | OK |
Version: 0.9.9.3
Check: CRAN incoming feasibility
Result: NOTE
Maintainer: ‘Jerome Collet <jeromepcollet@gmail.com>’
No Authors@R field in DESCRIPTION.
Please add one, modifying
Authors@R: person(given = "Jerome",
family = "Collet",
role = c("aut", "cre"),
email = "jeromepcollet@gmail.com")
as necessary.
Flavors: r-devel-linux-x86_64-debian-clang, r-devel-linux-x86_64-debian-gcc