Last updated on 2025-10-24 00:51:17 CEST.
| Flavor | Version | Tinstall | Tcheck | Ttotal | Status | Flags |
|---|---|---|---|---|---|---|
| r-devel-linux-x86_64-debian-clang | 0.1.4.1 | 3.86 | 36.30 | 40.16 | NOTE | |
| r-devel-linux-x86_64-debian-gcc | 0.1.4.1 | 2.67 | 27.04 | 29.71 | NOTE | |
| r-devel-linux-x86_64-fedora-clang | 0.1.4.1 | 58.59 | OK | |||
| r-devel-linux-x86_64-fedora-gcc | 0.1.4.1 | 56.77 | OK | |||
| r-devel-windows-x86_64 | 0.1.4.1 | 4.00 | 57.00 | 61.00 | OK | |
| r-patched-linux-x86_64 | 0.1.4.1 | 4.23 | 34.31 | 38.54 | OK | |
| r-release-linux-x86_64 | 0.1.4.1 | 3.80 | 34.33 | 38.13 | OK | |
| r-release-macos-arm64 | 0.1.4.1 | 2.00 | 20.00 | 22.00 | OK | |
| r-release-macos-x86_64 | 0.1.4.1 | 4.00 | 37.00 | 41.00 | OK | |
| r-release-windows-x86_64 | 0.1.4.1 | 4.00 | 61.00 | 65.00 | OK | |
| r-oldrel-macos-arm64 | 0.1.4.1 | 2.00 | 18.00 | 20.00 | OK | |
| r-oldrel-macos-x86_64 | 0.1.4.1 | 3.00 | 33.00 | 36.00 | OK | |
| r-oldrel-windows-x86_64 | 0.1.4.1 | 4.00 | 55.00 | 59.00 | OK |
Version: 0.1.4.1
Check: CRAN incoming feasibility
Result: NOTE
Maintainer: ‘Arnaud Le Rouzic <arnaud.le-rouzic@universite-paris-saclay.fr>’
No Authors@R field in DESCRIPTION.
Please add one, modifying
Authors@R: person(given = "Arnaud",
family = "Le Rouzic",
role = c("aut", "cre"),
email = "arnaud.le-rouzic@universite-paris-saclay.fr")
as necessary.
Flavors: r-devel-linux-x86_64-debian-clang, r-devel-linux-x86_64-debian-gcc