Last updated on 2025-10-24 00:51:17 CEST.
| Flavor | Version | Tinstall | Tcheck | Ttotal | Status | Flags |
|---|---|---|---|---|---|---|
| r-devel-linux-x86_64-debian-clang | 1.0.2 | 2.37 | 24.64 | 27.01 | NOTE | |
| r-devel-linux-x86_64-debian-gcc | 1.0.2 | 1.92 | 19.41 | 21.33 | NOTE | |
| r-devel-linux-x86_64-fedora-clang | 1.0.2 | 38.17 | OK | |||
| r-devel-linux-x86_64-fedora-gcc | 1.0.2 | 36.59 | OK | |||
| r-devel-windows-x86_64 | 1.0.2 | 4.00 | 45.00 | 49.00 | OK | |
| r-patched-linux-x86_64 | 1.0.2 | 2.74 | 22.21 | 24.95 | OK | |
| r-release-linux-x86_64 | 1.0.2 | 2.28 | 22.35 | 24.63 | OK | |
| r-release-macos-arm64 | 1.0.2 | 1.00 | 14.00 | 15.00 | OK | |
| r-release-macos-x86_64 | 1.0.2 | 2.00 | 21.00 | 23.00 | OK | |
| r-release-windows-x86_64 | 1.0.2 | 3.00 | 49.00 | 52.00 | OK | |
| r-oldrel-macos-arm64 | 1.0.2 | 1.00 | 14.00 | 15.00 | OK | |
| r-oldrel-macos-x86_64 | 1.0.2 | 2.00 | 19.00 | 21.00 | OK | |
| r-oldrel-windows-x86_64 | 1.0.2 | 3.00 | 40.00 | 43.00 | OK |
Version: 1.0.2
Check: CRAN incoming feasibility
Result: NOTE
Maintainer: ‘Roberto Villegas-Diaz <r.villegas-diaz@outlook.com>’
Package CITATION file contains call(s) to old-style citEntry(). Please
use bibentry() instead.
Flavors: r-devel-linux-x86_64-debian-clang, r-devel-linux-x86_64-debian-gcc