Last updated on 2024-06-14 13:56:33 CEST.
Flavor | Version | Tinstall | Tcheck | Ttotal | Status | Flags |
---|---|---|---|---|---|---|
r-devel-linux-x86_64-debian-clang | 2.0-2 | 36.22 | 356.33 | 392.55 | NOTE | |
r-devel-linux-x86_64-debian-gcc | 2.0-2 | 25.62 | 248.72 | 274.34 | OK | |
r-devel-linux-x86_64-fedora-clang | 2.0-2 | 448.14 | OK | |||
r-devel-linux-x86_64-fedora-gcc | 2.0-2 | 398.41 | OK | |||
r-devel-windows-x86_64 | 2.0-2 | 27.00 | 270.00 | 297.00 | OK | |
r-patched-linux-x86_64 | 2.0-2 | 35.61 | 333.40 | 369.01 | OK | |
r-release-linux-x86_64 | 2.0-2 | 28.86 | 325.03 | 353.89 | NOTE | |
r-release-macos-arm64 | 2.0-2 | 102.00 | OK | |||
r-release-macos-x86_64 | 2.0-2 | 173.00 | OK | |||
r-release-windows-x86_64 | 2.0-2 | 27.00 | 272.00 | 299.00 | OK | |
r-oldrel-macos-arm64 | 2.0-2 | 105.00 | OK | |||
r-oldrel-macos-x86_64 | 2.0-2 | 375.00 | OK | |||
r-oldrel-windows-x86_64 | 2.0-2 | 37.00 | 348.00 | 385.00 | OK |
Version: 2.0-2
Check: package dependencies
Result: NOTE
Package suggested but not available for checking: ‘geodata’
Flavors: r-devel-linux-x86_64-debian-clang, r-release-linux-x86_64