Last updated on 2025-10-24 12:50:20 CEST.
| Flavor | Version | Tinstall | Tcheck | Ttotal | Status | Flags |
|---|---|---|---|---|---|---|
| r-devel-linux-x86_64-debian-clang | 0.1.0 | 1.58 | 18.45 | 20.03 | OK | |
| r-devel-linux-x86_64-debian-gcc | 0.1.0 | 1.24 | 15.88 | 17.12 | OK | |
| r-devel-linux-x86_64-fedora-clang | 0.1.0 | 27.19 | OK | |||
| r-devel-linux-x86_64-fedora-gcc | 0.1.0 | 39.82 | OK | |||
| r-devel-windows-x86_64 | 0.1.0 | 3.00 | 33.00 | 36.00 | OK | |
| r-patched-linux-x86_64 | 0.1.0 | 1.56 | 16.50 | 18.06 | OK | |
| r-release-linux-x86_64 | 0.1.0 | 1.54 | 16.52 | 18.06 | OK | |
| r-release-macos-arm64 | 0.1.0 | 1.00 | 18.00 | 19.00 | OK | |
| r-release-macos-x86_64 | 0.1.0 | 1.00 | 32.00 | 33.00 | OK | |
| r-release-windows-x86_64 | 0.1.0 | 2.00 | 37.00 | 39.00 | OK | |
| r-oldrel-macos-arm64 | 0.1.0 | 1.00 | 16.00 | 17.00 | NOTE | |
| r-oldrel-macos-x86_64 | 0.1.0 | 1.00 | 24.00 | 25.00 | NOTE | |
| r-oldrel-windows-x86_64 | 0.1.0 | 2.00 | 33.00 | 35.00 | NOTE |
Version: 0.1.0
Check: LazyData
Result: NOTE
'LazyData' is specified without a 'data' directory
Flavors: r-oldrel-macos-arm64, r-oldrel-macos-x86_64, r-oldrel-windows-x86_64