Last updated on 2025-10-24 00:51:16 CEST.
| Flavor | Version | Tinstall | Tcheck | Ttotal | Status | Flags |
|---|---|---|---|---|---|---|
| r-devel-linux-x86_64-debian-clang | 1.0.1 | 1.65 | 24.81 | 26.46 | NOTE | |
| r-devel-linux-x86_64-debian-gcc | 1.0.1 | 1.39 | 20.96 | 22.35 | NOTE | |
| r-devel-linux-x86_64-fedora-clang | 1.0.1 | 38.83 | OK | |||
| r-devel-linux-x86_64-fedora-gcc | 1.0.1 | 38.20 | OK | |||
| r-devel-windows-x86_64 | 1.0.1 | 2.00 | 122.00 | 124.00 | OK | |
| r-patched-linux-x86_64 | 1.0.1 | 1.88 | 26.33 | 28.21 | OK | |
| r-release-linux-x86_64 | 1.0.1 | 1.50 | 26.36 | 27.86 | OK | |
| r-release-macos-arm64 | 1.0.1 | 1.00 | 18.00 | 19.00 | OK | |
| r-release-macos-x86_64 | 1.0.1 | 1.00 | 30.00 | 31.00 | OK | |
| r-release-windows-x86_64 | 1.0.1 | 3.00 | 50.00 | 53.00 | OK | |
| r-oldrel-macos-arm64 | 1.0.1 | 1.00 | 17.00 | 18.00 | OK | |
| r-oldrel-macos-x86_64 | 1.0.1 | 2.00 | 37.00 | 39.00 | OK | |
| r-oldrel-windows-x86_64 | 1.0.1 | 2.00 | 48.00 | 50.00 | OK |
Version: 1.0.1
Check: CRAN incoming feasibility
Result: NOTE
Maintainer: ‘Yuval Benjamini <yuvalbenj@gmail.com>’
No Authors@R field in DESCRIPTION.
Please add one, modifying
Authors@R: person(given = "Yuval",
family = "Benjamini",
role = c("aut", "cre"),
email = "yuvalbenj@gmail.com")
as necessary.
Flavors: r-devel-linux-x86_64-debian-clang, r-devel-linux-x86_64-debian-gcc