CRAN Package Check Results for Package showtext

Last updated on 2025-07-04 00:50:18 CEST.

Flavor Version Tinstall Tcheck Ttotal Status Flags
r-devel-linux-x86_64-debian-clang 0.9-7 6.15 33.48 39.63 NOTE
r-devel-linux-x86_64-debian-gcc 0.9-7 4.53 25.97 30.50 NOTE
r-devel-linux-x86_64-fedora-clang 0.9-7 62.65 OK
r-devel-linux-x86_64-fedora-gcc 0.9-7 72.53 OK
r-devel-windows-x86_64 0.9-7 21.00 55.00 76.00 OK
r-patched-linux-x86_64 0.9-7 5.38 31.15 36.53 OK
r-release-linux-x86_64 0.9-7 5.13 30.68 35.81 OK
r-release-macos-arm64 0.9-7 47.00 OK
r-release-macos-x86_64 0.9-7 73.00 OK
r-release-windows-x86_64 0.9-7 21.00 55.00 76.00 OK
r-oldrel-macos-arm64 0.9-7 39.00 OK
r-oldrel-macos-x86_64 0.9-7 55.00 OK
r-oldrel-windows-x86_64 0.9-7 29.00 63.00 92.00 OK

Check Details

Version: 0.9-7
Check: CRAN incoming feasibility
Result: NOTE Maintainer: ‘Yixuan Qiu <yixuan.qiu@cos.name>’ No Authors@R field in DESCRIPTION. Please add one, modifying Authors@R: c(person(given = "Yixuan", family = "Qiu", role = c("aut", "cre"), email = "yixuan.qiu@cos.name"), person(given = c("authors/contributors", "of", "the", "included", "software.", "See", "file", "AUTHORS", "for"), family = "details.", role = "aut")) as necessary. Flavors: r-devel-linux-x86_64-debian-clang, r-devel-linux-x86_64-debian-gcc