Last updated on 2025-10-24 12:50:20 CEST.
| Flavor | Version | Tinstall | Tcheck | Ttotal | Status | Flags |
|---|---|---|---|---|---|---|
| r-devel-linux-x86_64-debian-clang | 0.1-0 | 5.88 | 32.80 | 38.68 | OK | |
| r-devel-linux-x86_64-debian-gcc | 0.1-0 | 3.47 | 24.26 | 27.73 | OK | |
| r-devel-linux-x86_64-fedora-clang | 0.1-0 | 11.00 | 47.20 | 58.20 | OK | |
| r-devel-linux-x86_64-fedora-gcc | 0.1-0 | 12.00 | 43.05 | 55.05 | OK | |
| r-devel-windows-x86_64 | 0.1-0 | 5.00 | 45.00 | 50.00 | OK | |
| r-patched-linux-x86_64 | 0.1-0 | 5.54 | 30.81 | 36.35 | OK | |
| r-release-linux-x86_64 | 0.1-0 | 5.52 | 31.53 | 37.05 | OK | |
| r-release-macos-arm64 | 0.1-0 | 2.00 | 20.00 | 22.00 | OK | |
| r-release-macos-x86_64 | 0.1-0 | 7.00 | 36.00 | 43.00 | OK | |
| r-release-windows-x86_64 | 0.1-0 | 5.00 | 49.00 | 54.00 | OK | |
| r-oldrel-macos-arm64 | 0.1-0 | 2.00 | 18.00 | 20.00 | NOTE | |
| r-oldrel-macos-x86_64 | 0.1-0 | 6.00 | 27.00 | 33.00 | NOTE | |
| r-oldrel-windows-x86_64 | 0.1-0 | 6.00 | 46.00 | 52.00 | NOTE |
Version: 0.1-0
Check: LazyData
Result: NOTE
'LazyData' is specified without a 'data' directory
Flavors: r-oldrel-macos-arm64, r-oldrel-macos-x86_64, r-oldrel-windows-x86_64