Last updated on 2025-10-24 00:51:16 CEST.
| Flavor | Version | Tinstall | Tcheck | Ttotal | Status | Flags |
|---|---|---|---|---|---|---|
| r-devel-linux-x86_64-debian-clang | 0.1.2 | 1.53 | 17.52 | 19.05 | OK | |
| r-devel-linux-x86_64-debian-gcc | 0.1.2 | 1.36 | 14.51 | 15.87 | OK | |
| r-devel-linux-x86_64-fedora-clang | 0.1.2 | 27.70 | OK | |||
| r-devel-linux-x86_64-fedora-gcc | 0.1.2 | 26.77 | OK | |||
| r-devel-windows-x86_64 | 0.1.2 | 3.00 | 32.00 | 35.00 | OK | |
| r-patched-linux-x86_64 | 0.1.2 | 1.59 | 16.57 | 18.16 | OK | |
| r-release-linux-x86_64 | 0.1.2 | 1.60 | 16.66 | 18.26 | OK | |
| r-release-macos-arm64 | 0.1.2 | 1.00 | 15.00 | 16.00 | OK | |
| r-release-macos-x86_64 | 0.1.2 | 1.00 | 19.00 | 20.00 | OK | |
| r-release-windows-x86_64 | 0.1.2 | 3.00 | 35.00 | 38.00 | OK | |
| r-oldrel-macos-arm64 | 0.1.2 | 1.00 | 11.00 | 12.00 | NOTE | |
| r-oldrel-macos-x86_64 | 0.1.2 | 1.00 | 17.00 | 18.00 | NOTE | |
| r-oldrel-windows-x86_64 | 0.1.2 | 2.00 | 33.00 | 35.00 | NOTE |
Version: 0.1.2
Check: LazyData
Result: NOTE
'LazyData' is specified without a 'data' directory
Flavors: r-oldrel-macos-arm64, r-oldrel-macos-x86_64, r-oldrel-windows-x86_64