Last updated on 2024-06-14 13:56:32 CEST.
Flavor | Version | Tinstall | Tcheck | Ttotal | Status | Flags |
---|---|---|---|---|---|---|
r-devel-linux-x86_64-debian-clang | 0.32.6 | 98.03 | 182.66 | 280.69 | OK | |
r-devel-linux-x86_64-debian-gcc | 0.32.6 | 69.76 | 132.61 | 202.37 | OK | |
r-devel-linux-x86_64-fedora-clang | 0.32.6 | 366.14 | OK | |||
r-devel-linux-x86_64-fedora-gcc | 0.32.6 | 377.70 | OK | |||
r-devel-windows-x86_64 | 0.32.6 | 81.00 | 165.00 | 246.00 | OK | |
r-patched-linux-x86_64 | 0.32.6 | 86.36 | 162.06 | 248.42 | OK | |
r-release-linux-x86_64 | 0.32.6 | 64.99 | 174.08 | 239.07 | OK | |
r-release-macos-arm64 | 0.32.6 | 93.00 | NOTE | |||
r-release-macos-x86_64 | 0.32.6 | 138.00 | NOTE | |||
r-release-windows-x86_64 | 0.32.6 | 88.00 | 173.00 | 261.00 | OK | |
r-oldrel-macos-arm64 | 0.32.6 | 95.00 | NOTE | |||
r-oldrel-macos-x86_64 | 0.32.6 | 186.00 | NOTE | |||
r-oldrel-windows-x86_64 | 0.32.6 | 113.00 | 203.00 | 316.00 | OK |
Version: 0.32.6
Check: installed package size
Result: NOTE
installed size is 7.7Mb
sub-directories of 1Mb or more:
R 2.1Mb
libs 5.3Mb
Flavors: r-release-macos-arm64, r-release-macos-x86_64, r-oldrel-macos-arm64, r-oldrel-macos-x86_64