Last updated on 2025-10-24 12:50:19 CEST.
| Flavor | Version | Tinstall | Tcheck | Ttotal | Status | Flags |
|---|---|---|---|---|---|---|
| r-devel-linux-x86_64-debian-clang | 0.1.1 | 3.87 | 19.99 | 23.86 | NOTE | |
| r-devel-linux-x86_64-debian-gcc | 0.1.1 | 2.52 | 16.71 | 19.23 | NOTE | |
| r-devel-linux-x86_64-fedora-clang | 0.1.1 | 31.94 | OK | |||
| r-devel-linux-x86_64-fedora-gcc | 0.1.1 | 30.56 | OK | |||
| r-devel-windows-x86_64 | 0.1.1 | 6.00 | 35.00 | 41.00 | OK | |
| r-patched-linux-x86_64 | 0.1.1 | 3.28 | 17.27 | 20.55 | OK | |
| r-release-linux-x86_64 | 0.1.1 | 3.14 | 17.50 | 20.64 | OK | |
| r-release-macos-arm64 | 0.1.1 | 3.00 | 13.00 | 16.00 | OK | |
| r-release-macos-x86_64 | 0.1.1 | 4.00 | 20.00 | 24.00 | OK | |
| r-release-windows-x86_64 | 0.1.1 | 8.00 | 42.00 | 50.00 | OK | |
| r-oldrel-macos-arm64 | 0.1.1 | 2.00 | 13.00 | 15.00 | OK | |
| r-oldrel-macos-x86_64 | 0.1.1 | 4.00 | 19.00 | 23.00 | OK | |
| r-oldrel-windows-x86_64 | 0.1.1 | 7.00 | 37.00 | 44.00 | OK |
Version: 0.1.1
Check: CRAN incoming feasibility
Result: NOTE
Maintainer: ‘Dirk Eddelbuettel <edd@debian.org>’
No Authors@R field in DESCRIPTION.
Please add one, modifying
Authors@R: person(given = "Dirk",
family = "Eddelbuettel",
role = c("aut", "cre"),
email = "edd@debian.org")
as necessary.
Flavors: r-devel-linux-x86_64-debian-clang, r-devel-linux-x86_64-debian-gcc