Last updated on 2025-10-24 00:51:15 CEST.
| Flavor | Version | Tinstall | Tcheck | Ttotal | Status | Flags |
|---|---|---|---|---|---|---|
| r-devel-linux-x86_64-debian-clang | 0.7.1 | 5.92 | 39.33 | 45.25 | NOTE | |
| r-devel-linux-x86_64-debian-gcc | 0.7.1 | 4.41 | 28.39 | 32.80 | NOTE | |
| r-devel-linux-x86_64-fedora-clang | 0.7.1 | 11.00 | 54.36 | 65.36 | NOTE | |
| r-devel-linux-x86_64-fedora-gcc | 0.7.1 | 13.00 | 51.59 | 64.59 | NOTE | |
| r-devel-windows-x86_64 | 0.7.1 | 10.00 | 63.00 | 73.00 | NOTE | |
| r-patched-linux-x86_64 | 0.7.1 | 6.21 | 37.22 | 43.43 | NOTE | |
| r-release-linux-x86_64 | 0.7.1 | 5.77 | 36.82 | 42.59 | NOTE | |
| r-release-macos-arm64 | 0.7.1 | 4.00 | 23.00 | 27.00 | NOTE | |
| r-release-macos-x86_64 | 0.7.1 | 6.00 | 35.00 | 41.00 | NOTE | |
| r-release-windows-x86_64 | 0.7.1 | 10.00 | 68.00 | 78.00 | NOTE | |
| r-oldrel-macos-arm64 | 0.7.1 | 5.00 | 22.00 | 27.00 | NOTE | |
| r-oldrel-macos-x86_64 | 0.7.1 | 5.00 | 29.00 | 34.00 | NOTE | |
| r-oldrel-windows-x86_64 | 0.7.1 | 10.00 | 63.00 | 73.00 | NOTE |
Version: 0.7.1
Check: Rd files
Result: NOTE
checkRd: (-1) Valpha.Rd:15: Lost braces; missing escapes or markup?
15 | \item{V}{a numeric vector with (i,j) entry: V[i,j] = P(theta_{i} >= theta[alpha_{j}]|data) }
| ^
checkRd: (-1) Valpha.Rd:15: Lost braces; missing escapes or markup?
15 | \item{V}{a numeric vector with (i,j) entry: V[i,j] = P(theta_{i} >= theta[alpha_{j}]|data) }
| ^
Flavors: r-devel-linux-x86_64-debian-clang, r-devel-linux-x86_64-debian-gcc, r-devel-linux-x86_64-fedora-clang, r-devel-linux-x86_64-fedora-gcc, r-devel-windows-x86_64, r-patched-linux-x86_64, r-release-linux-x86_64, r-release-macos-arm64, r-release-macos-x86_64, r-release-windows-x86_64, r-oldrel-macos-arm64, r-oldrel-macos-x86_64, r-oldrel-windows-x86_64