Last updated on 2025-07-04 12:49:11 CEST.
Flavor | Version | Tinstall | Tcheck | Ttotal | Status | Flags |
---|---|---|---|---|---|---|
r-devel-linux-x86_64-debian-clang | 0.3.12 | 14.59 | 102.14 | 116.73 | NOTE | |
r-devel-linux-x86_64-debian-gcc | 0.3.12 | 9.38 | 68.32 | 77.70 | NOTE | |
r-devel-linux-x86_64-fedora-clang | 0.3.12 | 186.91 | OK | |||
r-devel-linux-x86_64-fedora-gcc | 0.3.12 | 184.81 | OK | |||
r-devel-windows-x86_64 | 0.3.12 | 16.00 | 109.00 | 125.00 | NOTE | |
r-patched-linux-x86_64 | 0.3.12 | 14.56 | 93.12 | 107.68 | NOTE | |
r-release-linux-x86_64 | 0.3.12 | 13.37 | 92.04 | 105.41 | NOTE | |
r-release-macos-arm64 | 0.3.12 | 47.00 | OK | |||
r-release-macos-x86_64 | 0.3.12 | 100.00 | OK | |||
r-release-windows-x86_64 | 0.3.12 | 16.00 | 112.00 | 128.00 | NOTE | |
r-oldrel-macos-arm64 | 0.3.12 | 48.00 | OK | |||
r-oldrel-macos-x86_64 | 0.3.12 | 98.00 | OK | |||
r-oldrel-windows-x86_64 | 0.3.12 | 21.00 | 138.00 | 159.00 | OK |
Version: 0.3.12
Check: Rd cross-references
Result: NOTE
Found the following Rd file(s) with Rd \link{} targets missing package
anchors:
fanova.Rd: leveneTest, lmer, Anova
formatPvalue.Rd: noZero, formatCI
formatR.Rd: noZero, formatCI
ggBoxplot.Rd: ggplot, geom_boxplot
ggqq.Rd: ggplot
oneway.Rd: leveneTest
Please provide package anchors for all Rd \link{} targets not in the
package itself and the base packages.
Flavors: r-devel-linux-x86_64-debian-clang, r-devel-linux-x86_64-debian-gcc, r-devel-windows-x86_64, r-patched-linux-x86_64, r-release-linux-x86_64, r-release-windows-x86_64