CRAN Package Check Results for Package rollinglda

Last updated on 2025-07-04 00:50:16 CEST.

Flavor Version Tinstall Tcheck Ttotal Status Flags
r-devel-linux-x86_64-debian-clang 0.1.3 10.38 123.28 133.66 NOTE
r-devel-linux-x86_64-debian-gcc 0.1.3 6.80 79.33 86.13 NOTE
r-devel-linux-x86_64-fedora-clang 0.1.3 201.64 OK
r-devel-linux-x86_64-fedora-gcc 0.1.3 184.09 OK
r-devel-windows-x86_64 0.1.3 17.00 117.00 134.00 NOTE
r-patched-linux-x86_64 0.1.3 10.67 107.14 117.81 NOTE
r-release-linux-x86_64 0.1.3 9.49 107.24 116.73 NOTE
r-release-macos-arm64 0.1.3 60.00 OK
r-release-macos-x86_64 0.1.3 105.00 OK
r-release-windows-x86_64 0.1.3 16.00 118.00 134.00 NOTE
r-oldrel-macos-arm64 0.1.3 63.00 OK
r-oldrel-macos-x86_64 0.1.3 90.00 OK
r-oldrel-windows-x86_64 0.1.3 17.00 149.00 166.00 OK

Check Details

Version: 0.1.3
Check: Rd cross-references
Result: NOTE Found the following Rd file(s) with Rd \link{} targets missing package anchors: RollingLDA.Rd: LDA updateRollingLDA.Rd: LDA Please provide package anchors for all Rd \link{} targets not in the package itself and the base packages. Flavors: r-devel-linux-x86_64-debian-clang, r-devel-linux-x86_64-debian-gcc, r-devel-windows-x86_64, r-patched-linux-x86_64, r-release-linux-x86_64, r-release-windows-x86_64