Last updated on 2025-10-24 12:50:18 CEST.
| Flavor | Version | Tinstall | Tcheck | Ttotal | Status | Flags |
|---|---|---|---|---|---|---|
| r-devel-linux-x86_64-debian-clang | 1.0.1 | 1.91 | 21.14 | 23.05 | NOTE | |
| r-devel-linux-x86_64-debian-gcc | 1.0.1 | 1.44 | 17.38 | 18.82 | NOTE | |
| r-devel-linux-x86_64-fedora-clang | 1.0.1 | 33.49 | OK | |||
| r-devel-linux-x86_64-fedora-gcc | 1.0.1 | 32.68 | OK | |||
| r-devel-windows-x86_64 | 1.0.1 | 3.00 | 44.00 | 47.00 | OK | |
| r-patched-linux-x86_64 | 1.0.1 | 2.01 | 19.93 | 21.94 | OK | |
| r-release-linux-x86_64 | 1.0.1 | 1.91 | 20.31 | 22.22 | OK | |
| r-release-macos-arm64 | 1.0.1 | 1.00 | 13.00 | 14.00 | OK | |
| r-release-macos-x86_64 | 1.0.1 | 2.00 | 23.00 | 25.00 | OK | |
| r-release-windows-x86_64 | 1.0.1 | 3.00 | 44.00 | 47.00 | OK | |
| r-oldrel-macos-arm64 | 1.0.1 | 1.00 | 14.00 | 15.00 | OK | |
| r-oldrel-macos-x86_64 | 1.0.1 | 2.00 | 18.00 | 20.00 | OK | |
| r-oldrel-windows-x86_64 | 1.0.1 | 3.00 | 38.00 | 41.00 | OK |
Version: 1.0.1
Check: Rd files
Result: NOTE
checkRd: (-1) represent-package.Rd:14-20: Only 2 columns allowed in this table (row 6 has 1)
Flavors: r-devel-linux-x86_64-debian-clang, r-devel-linux-x86_64-debian-gcc