Last updated on 2024-06-08 00:53:25 CEST.
Flavor | Version | Tinstall | Tcheck | Ttotal | Status | Flags |
---|---|---|---|---|---|---|
r-devel-linux-x86_64-debian-clang | 1.0.1 | 10.64 | 241.23 | 251.87 | OK | |
r-devel-linux-x86_64-debian-gcc | 1.0.1 | 9.98 | 175.24 | 185.22 | OK | |
r-devel-linux-x86_64-fedora-clang | 1.0.1 | 307.26 | NOTE | |||
r-devel-linux-x86_64-fedora-gcc | 1.0.1 | 311.48 | NOTE | |||
r-devel-windows-x86_64 | 1.0.1 | 10.00 | 190.00 | 200.00 | OK | |
r-patched-linux-x86_64 | 1.0.1 | 12.10 | 229.59 | 241.69 | OK | |
r-release-linux-x86_64 | 1.0.1 | 10.53 | 230.38 | 240.91 | OK | |
r-release-macos-arm64 | 1.0.1 | 114.00 | OK | |||
r-release-macos-x86_64 | 1.0.1 | 188.00 | OK | |||
r-release-windows-x86_64 | 1.0.1 | 10.00 | 199.00 | 209.00 | OK | |
r-oldrel-macos-arm64 | 1.0.1 | 104.00 | OK | |||
r-oldrel-macos-x86_64 | 1.0.1 | 212.00 | OK | |||
r-oldrel-windows-x86_64 | 1.0.1 | 13.00 | 240.00 | 253.00 | OK |
Version: 1.0.1
Check: dependencies in R code
Result: NOTE
Namespace in Imports field not imported from: ‘Deriv’
All declared Imports should be used.
Flavors: r-devel-linux-x86_64-fedora-clang, r-devel-linux-x86_64-fedora-gcc