Last updated on 2025-10-24 12:50:17 CEST.
| Flavor | Version | Tinstall | Tcheck | Ttotal | Status | Flags |
|---|---|---|---|---|---|---|
| r-devel-linux-x86_64-debian-clang | 1.7.1 | 2.84 | 30.76 | 33.60 | NOTE | |
| r-devel-linux-x86_64-debian-gcc | 1.7.1 | 1.98 | 22.36 | 24.34 | NOTE | |
| r-devel-linux-x86_64-fedora-clang | 1.7.1 | 49.99 | OK | |||
| r-devel-linux-x86_64-fedora-gcc | 1.7.1 | 48.47 | OK | |||
| r-devel-windows-x86_64 | 1.7.1 | 3.00 | 47.00 | 50.00 | OK | |
| r-patched-linux-x86_64 | 1.7.1 | 3.07 | 29.19 | 32.26 | OK | |
| r-release-linux-x86_64 | 1.7.1 | 2.72 | 29.22 | 31.94 | OK | |
| r-release-macos-arm64 | 1.7.1 | 1.00 | 16.00 | 17.00 | OK | |
| r-release-macos-x86_64 | 1.7.1 | 2.00 | 25.00 | 27.00 | OK | |
| r-release-windows-x86_64 | 1.7.1 | 4.00 | 52.00 | 56.00 | OK | |
| r-oldrel-macos-arm64 | 1.7.1 | 1.00 | 15.00 | 16.00 | OK | |
| r-oldrel-macos-x86_64 | 1.7.1 | 2.00 | 22.00 | 24.00 | OK | |
| r-oldrel-windows-x86_64 | 1.7.1 | 4.00 | 46.00 | 50.00 | OK |
Version: 1.7.1
Check: CRAN incoming feasibility
Result: NOTE
Maintainer: ‘Clemens Druee <druee@uni-trier.de>’
No Authors@R field in DESCRIPTION.
Please add one, modifying
Authors@R: c(person(given = "Clemens",
family = "Druee",
role = c("aut", "cre"),
email = "druee@uni-trier.de"),
person(given = "Universitaet",
family = "Trier",
role = "aut"))
as necessary.
Flavors: r-devel-linux-x86_64-debian-clang, r-devel-linux-x86_64-debian-gcc
Version: 1.7.1
Check: Rd files
Result: NOTE
checkRd: (-1) readmet-package.Rd:30-49: Only 2 columns allowed in this table (row 2 has 1)
checkRd: (-1) readmet-package.Rd:30-49: Only 2 columns allowed in this table (row 10 has 1)
checkRd: (-1) readmet-package.Rd:30-49: Only 2 columns allowed in this table (row 12 has 1)
Flavors: r-devel-linux-x86_64-debian-clang, r-devel-linux-x86_64-debian-gcc