Last updated on 2025-10-24 12:50:17 CEST.
| Flavor | Version | Tinstall | Tcheck | Ttotal | Status | Flags |
|---|---|---|---|---|---|---|
| r-devel-linux-x86_64-debian-clang | 1.0.4 | 1.91 | 20.84 | 22.75 | NOTE | |
| r-devel-linux-x86_64-debian-gcc | 1.0.4 | 1.66 | 16.74 | 18.40 | NOTE | |
| r-devel-linux-x86_64-fedora-clang | 1.0.4 | 33.70 | OK | |||
| r-devel-linux-x86_64-fedora-gcc | 1.0.4 | 32.83 | OK | |||
| r-devel-windows-x86_64 | 1.0.4 | 2.00 | 37.00 | 39.00 | OK | |
| r-patched-linux-x86_64 | 1.0.4 | 1.91 | 20.06 | 21.97 | OK | |
| r-release-linux-x86_64 | 1.0.4 | 1.88 | 20.32 | 22.20 | OK | |
| r-release-macos-arm64 | 1.0.4 | 1.00 | 13.00 | 14.00 | OK | |
| r-release-macos-x86_64 | 1.0.4 | 2.00 | 22.00 | 24.00 | OK | |
| r-release-windows-x86_64 | 1.0.4 | 4.00 | 40.00 | 44.00 | OK | |
| r-oldrel-macos-arm64 | 1.0.4 | 1.00 | 13.00 | 14.00 | OK | |
| r-oldrel-macos-x86_64 | 1.0.4 | 1.00 | 18.00 | 19.00 | OK | |
| r-oldrel-windows-x86_64 | 1.0.4 | 3.00 | 36.00 | 39.00 | OK |
Version: 1.0.4
Check: CRAN incoming feasibility
Result: NOTE
Maintainer: ‘Colin Millar <colin.millar@ices.dk>’
Found the following URLs which should use \doi (with the DOI name only):
File ‘rct3-package.Rd’:
https://doi.org/10.1006/jmsc.1997.0222
File ‘rct3.Rd’:
https://doi.org/10.1006/jmsc.1997.0222
Flavors: r-devel-linux-x86_64-debian-clang, r-devel-linux-x86_64-debian-gcc