Last updated on 2025-10-24 12:50:17 CEST.
| Flavor | Version | Tinstall | Tcheck | Ttotal | Status | Flags |
|---|---|---|---|---|---|---|
| r-devel-linux-x86_64-debian-clang | 0.1.0 | 2.55 | 22.68 | 25.23 | NOTE | |
| r-devel-linux-x86_64-debian-gcc | 0.1.0 | 1.92 | 17.93 | 19.85 | NOTE | |
| r-devel-linux-x86_64-fedora-clang | 0.1.0 | 38.03 | OK | |||
| r-devel-linux-x86_64-fedora-gcc | 0.1.0 | 37.07 | OK | |||
| r-devel-windows-x86_64 | 0.1.0 | 3.00 | 41.00 | 44.00 | OK | |
| r-patched-linux-x86_64 | 0.1.0 | 2.71 | 21.76 | 24.47 | OK | |
| r-release-linux-x86_64 | 0.1.0 | 2.37 | 21.54 | 23.91 | OK | |
| r-release-macos-arm64 | 0.1.0 | 2.00 | 15.00 | 17.00 | OK | |
| r-release-macos-x86_64 | 0.1.0 | 2.00 | 22.00 | 24.00 | OK | |
| r-release-windows-x86_64 | 0.1.0 | 4.00 | 47.00 | 51.00 | OK | |
| r-oldrel-macos-arm64 | 0.1.0 | 1.00 | 13.00 | 14.00 | OK | |
| r-oldrel-macos-x86_64 | 0.1.0 | 2.00 | 18.00 | 20.00 | OK | |
| r-oldrel-windows-x86_64 | 0.1.0 | 4.00 | 41.00 | 45.00 | OK |
Version: 0.1.0
Check: CRAN incoming feasibility
Result: NOTE
Maintainer: ‘Chi Seng Pun <cspun@ntu.edu.sg>’
No Authors@R field in DESCRIPTION.
Please add one, modifying
Authors@R: c(person(given = c("Chi", "Seng"),
family = "Pun",
role = c("aut", "cre"),
email = "cspun@ntu.edu.sg"),
person(given = c("Matthew", "Zakharia"),
family = "Hadimaja",
role = "aut"))
as necessary.
Flavors: r-devel-linux-x86_64-debian-clang, r-devel-linux-x86_64-debian-gcc