Last updated on 2025-10-24 00:51:13 CEST.
| Flavor | Version | Tinstall | Tcheck | Ttotal | Status | Flags |
|---|---|---|---|---|---|---|
| r-devel-linux-x86_64-debian-clang | 0.2 | 1.56 | 19.59 | 21.15 | NOTE | |
| r-devel-linux-x86_64-debian-gcc | 0.2 | 1.35 | 16.26 | 17.61 | NOTE | |
| r-devel-linux-x86_64-fedora-clang | 0.2 | 33.20 | OK | |||
| r-devel-linux-x86_64-fedora-gcc | 0.2 | 30.75 | OK | |||
| r-devel-windows-x86_64 | 0.2 | 3.00 | 40.00 | 43.00 | OK | |
| r-patched-linux-x86_64 | 0.2 | 1.64 | 19.06 | 20.70 | OK | |
| r-release-linux-x86_64 | 0.2 | 1.54 | 18.74 | 20.28 | OK | |
| r-release-macos-arm64 | 0.2 | 1.00 | 16.00 | 17.00 | OK | |
| r-release-macos-x86_64 | 0.2 | 1.00 | 22.00 | 23.00 | OK | |
| r-release-windows-x86_64 | 0.2 | 2.00 | 42.00 | 44.00 | OK | |
| r-oldrel-macos-arm64 | 0.2 | 1.00 | 15.00 | 16.00 | OK | |
| r-oldrel-macos-x86_64 | 0.2 | 1.00 | 19.00 | 20.00 | OK | |
| r-oldrel-windows-x86_64 | 0.2 | 2.00 | 39.00 | 41.00 | OK |
Version: 0.2
Check: CRAN incoming feasibility
Result: NOTE
Maintainer: ‘Tom Pike <tpike@lincoln.ac.uk>’
No Authors@R field in DESCRIPTION.
Please add one, modifying
Authors@R: person(given = "Tom",
family = "Pike",
role = c("aut", "cre"),
email = "tpike@lincoln.ac.uk")
as necessary.
Flavors: r-devel-linux-x86_64-debian-clang, r-devel-linux-x86_64-debian-gcc