Last updated on 2025-10-24 00:51:13 CEST.
| Flavor | Version | Tinstall | Tcheck | Ttotal | Status | Flags |
|---|---|---|---|---|---|---|
| r-devel-linux-x86_64-debian-clang | 1.5 | 1.91 | 19.42 | 21.33 | NOTE | |
| r-devel-linux-x86_64-debian-gcc | 1.5 | 1.65 | 15.68 | 17.33 | NOTE | |
| r-devel-linux-x86_64-fedora-clang | 1.5 | 10.00 | 23.09 | 33.09 | OK | |
| r-devel-linux-x86_64-fedora-gcc | 1.5 | 30.69 | OK | |||
| r-devel-windows-x86_64 | 1.5 | 2.00 | 34.00 | 36.00 | OK | |
| r-patched-linux-x86_64 | 1.5 | 1.99 | 18.30 | 20.29 | OK | |
| r-release-linux-x86_64 | 1.5 | 1.81 | 18.25 | 20.06 | OK | |
| r-release-macos-arm64 | 1.5 | 1.00 | 15.00 | 16.00 | OK | |
| r-release-macos-x86_64 | 1.5 | 2.00 | 20.00 | 22.00 | OK | |
| r-release-windows-x86_64 | 1.5 | 2.00 | 39.00 | 41.00 | OK | |
| r-oldrel-macos-arm64 | 1.5 | 1.00 | 14.00 | 15.00 | OK | |
| r-oldrel-macos-x86_64 | 1.5 | 1.00 | 18.00 | 19.00 | OK | |
| r-oldrel-windows-x86_64 | 1.5 | 2.00 | 35.00 | 37.00 | OK |
Version: 1.5
Check: CRAN incoming feasibility
Result: NOTE
Maintainer: ‘Minato Nakazawa <minato-nakazawa@umin.net>’
No Authors@R field in DESCRIPTION.
Please add one, modifying
Authors@R: person(given = "Minato",
family = "Nakazawa",
role = c("aut", "cre"),
email = "minato-nakazawa@umin.net")
as necessary.
Flavors: r-devel-linux-x86_64-debian-clang, r-devel-linux-x86_64-debian-gcc