CRAN Package Check Results for Package pleio

Last updated on 2025-07-04 00:50:12 CEST.

Flavor Version Tinstall Tcheck Ttotal Status Flags
r-devel-linux-x86_64-debian-clang 1.9 13.52 108.41 121.93 NOTE
r-devel-linux-x86_64-debian-gcc 1.9 9.75 77.69 87.44 NOTE
r-devel-linux-x86_64-fedora-clang 1.9 178.66 OK
r-devel-linux-x86_64-fedora-gcc 1.9 192.30 OK
r-devel-windows-x86_64 1.9 14.00 113.00 127.00 OK
r-patched-linux-x86_64 1.9 11.53 102.04 113.57 OK
r-release-linux-x86_64 1.9 12.34 101.53 113.87 OK
r-release-macos-arm64 1.9 93.00 OK
r-release-macos-x86_64 1.9 104.00 OK
r-release-windows-x86_64 1.9 14.00 116.00 130.00 OK
r-oldrel-macos-arm64 1.9 50.00 OK
r-oldrel-macos-x86_64 1.9 93.00 OK
r-oldrel-windows-x86_64 1.9 19.00 141.00 160.00 OK

Check Details

Version: 1.9
Check: CRAN incoming feasibility
Result: NOTE Maintainer: ‘Jason Sinnwell <sinnwell.jason@mayo.edu>’ No Authors@R field in DESCRIPTION. Please add one, modifying Authors@R: c(person(given = c("Daniel", "J"), family = "Schaid", role = "aut"), person(given = "Jason", family = "Sinnwell", role = "cre", email = "sinnwell.jason@mayo.edu")) as necessary. Flavors: r-devel-linux-x86_64-debian-clang, r-devel-linux-x86_64-debian-gcc