Last updated on 2025-07-03 13:48:42 CEST.
Flavor | Version | Tinstall | Tcheck | Ttotal | Status | Flags |
---|---|---|---|---|---|---|
r-devel-linux-x86_64-debian-clang | 1.2-7 | 12.49 | 89.59 | 102.08 | NOTE | |
r-devel-linux-x86_64-debian-gcc | 1.2-7 | 8.95 | 66.87 | 75.82 | NOTE | |
r-devel-linux-x86_64-fedora-clang | 1.2-7 | 153.40 | OK | |||
r-devel-linux-x86_64-fedora-gcc | 1.2-7 | 140.17 | OK | |||
r-devel-windows-x86_64 | 1.2-7 | 14.00 | 102.00 | 116.00 | OK | |
r-patched-linux-x86_64 | 1.2-7 | 12.46 | 84.96 | 97.42 | OK | |
r-release-linux-x86_64 | 1.2-7 | 11.84 | 86.00 | 97.84 | OK | |
r-release-macos-arm64 | 1.2-7 | 50.00 | OK | |||
r-release-macos-x86_64 | 1.2-7 | 87.00 | OK | |||
r-release-windows-x86_64 | 1.2-7 | 16.00 | 108.00 | 124.00 | OK | |
r-oldrel-macos-arm64 | 1.2-7 | 41.00 | OK | |||
r-oldrel-macos-x86_64 | 1.2-7 | 68.00 | OK | |||
r-oldrel-windows-x86_64 | 1.2-7 | 21.00 | 130.00 | 151.00 | OK |
Version: 1.2-7
Check: CRAN incoming feasibility
Result: NOTE
Maintainer: ‘Maximilian Lange <maximilian.lange@ufz.de>’
No Authors@R field in DESCRIPTION.
Please add one, modifying
Authors@R: person(given = "Maximilian",
family = "Lange",
role = c("aut", "cre"),
email = "maximilian.lange@ufz.de")
as necessary.
Flavors: r-devel-linux-x86_64-debian-clang, r-devel-linux-x86_64-debian-gcc