Last updated on 2025-10-24 12:50:14 CEST.
| Flavor | Version | Tinstall | Tcheck | Ttotal | Status | Flags |
|---|---|---|---|---|---|---|
| r-devel-linux-x86_64-debian-clang | 1.0 | 1.65 | 19.85 | 21.50 | NOTE | |
| r-devel-linux-x86_64-debian-gcc | 1.0 | 1.41 | 16.80 | 18.21 | NOTE | |
| r-devel-linux-x86_64-fedora-clang | 1.0 | 30.58 | OK | |||
| r-devel-linux-x86_64-fedora-gcc | 1.0 | 28.72 | OK | |||
| r-devel-windows-x86_64 | 1.0 | 3.00 | 43.00 | 46.00 | OK | |
| r-patched-linux-x86_64 | 1.0 | 1.74 | 19.16 | 20.90 | OK | |
| r-release-linux-x86_64 | 1.0 | 1.66 | 19.32 | 20.98 | OK | |
| r-release-macos-arm64 | 1.0 | 1.00 | 18.00 | 19.00 | OK | |
| r-release-macos-x86_64 | 1.0 | 1.00 | 23.00 | 24.00 | OK | |
| r-release-windows-x86_64 | 1.0 | 3.00 | 45.00 | 48.00 | OK | |
| r-oldrel-macos-arm64 | 1.0 | 1.00 | 12.00 | 13.00 | NOTE | |
| r-oldrel-macos-x86_64 | 1.0 | 1.00 | 18.00 | 19.00 | NOTE | |
| r-oldrel-windows-x86_64 | 1.0 | 3.00 | 47.00 | 50.00 | NOTE |
Version: 1.0
Check: CRAN incoming feasibility
Result: NOTE
Maintainer: ‘Elia Degiorgi <degioe@usi.ch>’
No Authors@R field in DESCRIPTION.
Please add one, modifying
Authors@R: c(person(given = "Elia",
family = "Degiorgi",
role = c("aut", "cre"),
email = "degioe@usi.ch"),
person(given = "Federico",
family = "Milan",
role = "aut"),
person(given = "Davide",
family = "Zaramella",
role = "aut"),
person(given = "Valerija",
family = "Stoeva",
role = "aut"))
as necessary.
Flavors: r-devel-linux-x86_64-debian-clang, r-devel-linux-x86_64-debian-gcc
Version: 1.0
Check: LazyData
Result: NOTE
'LazyData' is specified without a 'data' directory
Flavors: r-oldrel-macos-arm64, r-oldrel-macos-x86_64, r-oldrel-windows-x86_64