CRAN Package Check Results for Package parade

Last updated on 2025-10-24 12:50:14 CEST.

Flavor Version Tinstall Tcheck Ttotal Status Flags
r-devel-linux-x86_64-debian-clang 0.1 1.72 20.52 22.24 NOTE
r-devel-linux-x86_64-debian-gcc 0.1 1.32 16.64 17.96 NOTE
r-devel-linux-x86_64-fedora-clang 0.1 31.62 OK
r-devel-linux-x86_64-fedora-gcc 0.1 30.72 OK
r-devel-windows-x86_64 0.1 3.00 39.00 42.00 OK
r-patched-linux-x86_64 0.1 1.59 19.57 21.16 OK
r-release-linux-x86_64 0.1 1.49 19.25 20.74 OK
r-release-macos-arm64 0.1 1.00 15.00 16.00 OK
r-release-macos-x86_64 0.1 1.00 23.00 24.00 OK
r-release-windows-x86_64 0.1 2.00 44.00 46.00 OK
r-oldrel-macos-arm64 0.1 1.00 13.00 14.00 OK
r-oldrel-macos-x86_64 0.1 1.00 18.00 19.00 OK
r-oldrel-windows-x86_64 0.1 3.00 39.00 42.00 OK

Check Details

Version: 0.1
Check: CRAN incoming feasibility
Result: NOTE Maintainer: ‘Marek Hlavac <mhlavac@alumni.princeton.edu>’ No Authors@R field in DESCRIPTION. Please add one, modifying Authors@R: person(given = "Marek", family = "Hlavac", role = c("aut", "cre"), email = "mhlavac@alumni.princeton.edu") as necessary. Package CITATION file contains call(s) to old-style citEntry(). Please use bibentry() instead. Flavors: r-devel-linux-x86_64-debian-clang, r-devel-linux-x86_64-debian-gcc