Last updated on 2025-10-24 12:50:14 CEST.
| Flavor | Version | Tinstall | Tcheck | Ttotal | Status | Flags |
|---|---|---|---|---|---|---|
| r-devel-linux-x86_64-debian-clang | 0.1.0 | 1.96 | 19.14 | 21.10 | OK | |
| r-devel-linux-x86_64-debian-gcc | 0.1.0 | 1.43 | 15.38 | 16.81 | OK | |
| r-devel-linux-x86_64-fedora-clang | 0.1.0 | 30.55 | OK | |||
| r-devel-linux-x86_64-fedora-gcc | 0.1.0 | 29.94 | OK | |||
| r-devel-windows-x86_64 | 0.1.0 | 3.00 | 35.00 | 38.00 | OK | |
| r-patched-linux-x86_64 | 0.1.0 | 1.95 | 17.95 | 19.90 | OK | |
| r-release-linux-x86_64 | 0.1.0 | 1.80 | 18.15 | 19.95 | OK | |
| r-release-macos-arm64 | 0.1.0 | 1.00 | 14.00 | 15.00 | OK | |
| r-release-macos-x86_64 | 0.1.0 | 2.00 | 20.00 | 22.00 | OK | |
| r-release-windows-x86_64 | 0.1.0 | 2.00 | 40.00 | 42.00 | OK | |
| r-oldrel-macos-arm64 | 0.1.0 | 1.00 | 13.00 | 14.00 | NOTE | |
| r-oldrel-macos-x86_64 | 0.1.0 | 1.00 | 17.00 | 18.00 | NOTE | |
| r-oldrel-windows-x86_64 | 0.1.0 | 3.00 | 36.00 | 39.00 | NOTE |
Version: 0.1.0
Check: LazyData
Result: NOTE
'LazyData' is specified without a 'data' directory
Flavors: r-oldrel-macos-arm64, r-oldrel-macos-x86_64, r-oldrel-windows-x86_64