CRAN Package Check Results for Package pRSR

Last updated on 2025-10-24 12:50:16 CEST.

Flavor Version Tinstall Tcheck Ttotal Status Flags
r-devel-linux-x86_64-debian-clang 3.1.1 3.01 21.58 24.59 NOTE
r-devel-linux-x86_64-debian-gcc 3.1.1 2.22 17.28 19.50 NOTE
r-devel-linux-x86_64-fedora-clang 3.1.1 36.21 NOTE
r-devel-linux-x86_64-fedora-gcc 3.1.1 34.85 NOTE
r-devel-windows-x86_64 3.1.1 7.00 40.00 47.00 OK
r-patched-linux-x86_64 3.1.1 2.79 20.55 23.34 OK
r-release-linux-x86_64 3.1.1 2.78 20.25 23.03 OK
r-release-macos-arm64 3.1.1 3.00 15.00 18.00 OK
r-release-macos-x86_64 3.1.1 7.00 36.00 43.00 OK
r-release-windows-x86_64 3.1.1 6.00 45.00 51.00 OK
r-oldrel-macos-arm64 3.1.1 3.00 15.00 18.00 OK
r-oldrel-macos-x86_64 3.1.1 3.00 31.00 34.00 OK
r-oldrel-windows-x86_64 3.1.1 6.00 39.00 45.00 OK

Check Details

Version: 3.1.1
Check: CRAN incoming feasibility
Result: NOTE Maintainer: ‘M. S. Islam <shahed-sta@sust.edu>’ No Authors@R field in DESCRIPTION. Please add one, modifying Authors@R: person(given = c("M.", "S."), family = "Islam", role = c("aut", "cre"), email = "shahed-sta@sust.edu") as necessary. Flavors: r-devel-linux-x86_64-debian-clang, r-devel-linux-x86_64-debian-gcc

Version: 3.1.1
Check: Rd files
Result: NOTE checkRd: (-1) pRSR-package.Rd:15-28: Only 2 columns allowed in this table (row 1 has 1) Flavors: r-devel-linux-x86_64-debian-clang, r-devel-linux-x86_64-debian-gcc

Version: 3.1.1
Check: compiled code
Result: NOTE File ‘pRSR/libs/pRSR.so’: Found no calls to: ‘R_registerRoutines’, ‘R_useDynamicSymbols’ It is good practice to register native routines and to disable symbol search. See ‘Writing portable packages’ in the ‘Writing R Extensions’ manual. Flavors: r-devel-linux-x86_64-fedora-clang, r-devel-linux-x86_64-fedora-gcc