Last updated on 2025-10-24 00:51:11 CEST.
| Flavor | Version | Tinstall | Tcheck | Ttotal | Status | Flags |
|---|---|---|---|---|---|---|
| r-devel-linux-x86_64-debian-clang | 0.0.1 | 3.29 | 33.52 | 36.81 | NOTE | |
| r-devel-linux-x86_64-debian-gcc | 0.0.1 | 2.47 | 25.33 | 27.80 | OK | |
| r-devel-linux-x86_64-fedora-clang | 0.0.1 | 54.50 | OK | |||
| r-devel-linux-x86_64-fedora-gcc | 0.0.1 | 56.89 | OK | |||
| r-devel-windows-x86_64 | 0.0.1 | 5.00 | 54.00 | 59.00 | OK | |
| r-patched-linux-x86_64 | 0.0.1 | 3.49 | 30.87 | 34.36 | OK | |
| r-release-linux-x86_64 | 0.0.1 | 3.09 | 31.55 | 34.64 | OK | |
| r-release-macos-arm64 | 0.0.1 | 2.00 | 20.00 | 22.00 | OK | |
| r-release-macos-x86_64 | 0.0.1 | 4.00 | 31.00 | 35.00 | OK | |
| r-release-windows-x86_64 | 0.0.1 | 4.00 | 58.00 | 62.00 | OK | |
| r-oldrel-macos-arm64 | 0.0.1 | 2.00 | 20.00 | 22.00 | OK | |
| r-oldrel-macos-x86_64 | 0.0.1 | 4.00 | 27.00 | 31.00 | OK | |
| r-oldrel-windows-x86_64 | 0.0.1 | 4.00 | 51.00 | 55.00 | OK |
Version: 0.0.1
Check: HTML version of manual
Result: NOTE
Found the following HTML validation problems:
getsubs.html:46:1 (getsubs.Rd:10): Warning: missing </ul> before </div>
mk_runlabel.html:51:1 (mk_runlabel.Rd:12): Warning: missing </ul> before </div>
perc.permutation.html:50:1 (perc.permutation.Rd:12): Warning: missing </ul> before </div>
perc.rank.html:50:1 (perc.rank.Rd:12): Warning: missing </ul> before </div>
Flavor: r-devel-linux-x86_64-debian-clang