Last updated on 2025-10-24 12:50:14 CEST.
| Flavor | Version | Tinstall | Tcheck | Ttotal | Status | Flags |
|---|---|---|---|---|---|---|
| r-devel-linux-x86_64-debian-clang | 1.7.1 | 4.39 | 67.12 | 71.51 | NOTE | |
| r-devel-linux-x86_64-debian-gcc | 1.7.1 | 3.28 | 43.42 | 46.70 | NOTE | |
| r-devel-linux-x86_64-fedora-clang | 1.7.1 | 115.22 | NOTE | |||
| r-devel-linux-x86_64-fedora-gcc | 1.7.1 | 106.32 | NOTE | |||
| r-devel-windows-x86_64 | 1.7.1 | 5.00 | 71.00 | 76.00 | NOTE | |
| r-patched-linux-x86_64 | 1.7.1 | 3.90 | 64.45 | 68.35 | NOTE | |
| r-release-linux-x86_64 | 1.7.1 | 3.80 | 64.39 | 68.19 | NOTE | |
| r-release-macos-arm64 | 1.7.1 | 2.00 | 25.00 | 27.00 | NOTE | |
| r-release-macos-x86_64 | 1.7.1 | 5.00 | 56.00 | 61.00 | NOTE | |
| r-release-windows-x86_64 | 1.7.1 | 6.00 | 77.00 | 83.00 | NOTE | |
| r-oldrel-macos-arm64 | 1.7.1 | 2.00 | 26.00 | 28.00 | NOTE | |
| r-oldrel-macos-x86_64 | 1.7.1 | 3.00 | 37.00 | 40.00 | NOTE | |
| r-oldrel-windows-x86_64 | 1.7.1 | 5.00 | 68.00 | 73.00 | NOTE |
Version: 1.7.1
Check: Rd files
Result: NOTE
checkRd: (-1) drawdesign.Rd:39: Lost braces in \itemize; meant \describe ?
checkRd: (-1) drawdesign.Rd:40: Lost braces in \itemize; meant \describe ?
checkRd: (-1) drawdesign.Rd:41: Lost braces in \itemize; meant \describe ?
checkRd: (-1) drawdesign.Rd:42: Lost braces in \itemize; meant \describe ?
checkRd: (-1) drawdesign.Rd:43: Lost braces in \itemize; meant \describe ?
checkRd: (-1) drawdesign.Rd:44: Lost braces in \itemize; meant \describe ?
Flavors: r-devel-linux-x86_64-debian-clang, r-devel-linux-x86_64-debian-gcc, r-devel-linux-x86_64-fedora-clang, r-devel-linux-x86_64-fedora-gcc, r-devel-windows-x86_64, r-patched-linux-x86_64, r-release-linux-x86_64, r-release-macos-arm64, r-release-macos-x86_64, r-release-windows-x86_64, r-oldrel-macos-arm64, r-oldrel-macos-x86_64, r-oldrel-windows-x86_64