Last updated on 2025-07-03 13:48:41 CEST.
Flavor | Version | Tinstall | Tcheck | Ttotal | Status | Flags |
---|---|---|---|---|---|---|
r-devel-linux-x86_64-debian-clang | 3.2.2 | 75.11 | 195.44 | 270.55 | OK | --no-vignettes |
r-devel-linux-x86_64-debian-gcc | 3.2.2 | 49.05 | 133.62 | 182.67 | OK | --no-vignettes |
r-devel-linux-x86_64-fedora-clang | 3.2.2 | 482.01 | OK | |||
r-devel-linux-x86_64-fedora-gcc | 3.2.2 | 430.40 | OK | |||
r-devel-windows-x86_64 | 3.2.2 | 75.00 | 240.00 | 315.00 | OK | |
r-patched-linux-x86_64 | 3.2.2 | 70.82 | 182.29 | 253.11 | OK | --no-vignettes |
r-release-linux-x86_64 | 3.2.2 | 65.40 | 180.24 | 245.64 | OK | --no-vignettes |
r-release-macos-arm64 | 3.2.2 | 97.00 | OK | |||
r-release-macos-x86_64 | 3.2.2 | 201.00 | OK | |||
r-release-windows-x86_64 | 3.2.2 | 75.00 | 238.00 | 313.00 | OK | |
r-oldrel-macos-arm64 | 3.2.2 | 91.00 | NOTE | |||
r-oldrel-macos-x86_64 | 3.2.2 | 180.00 | OK | |||
r-oldrel-windows-x86_64 | 3.2.2 | 97.00 | 307.00 | 404.00 | OK |
Version: 3.2.2
Check: installed package size
Result: NOTE
installed size is 5.7Mb
sub-directories of 1Mb or more:
libs 3.8Mb
Flavor: r-oldrel-macos-arm64