CRAN Package Check Results for Package octopusR

Last updated on 2025-07-04 00:50:11 CEST.

Flavor Version Tinstall Tcheck Ttotal Status Flags
r-devel-linux-x86_64-debian-clang 1.0.1 3.34 33.11 36.45 NOTE
r-devel-linux-x86_64-debian-gcc 1.0.1 2.46 26.64 29.10 NOTE
r-devel-linux-x86_64-fedora-clang 1.0.1 59.75 NOTE
r-devel-linux-x86_64-fedora-gcc 1.0.1 53.07 NOTE
r-devel-windows-x86_64 1.0.1 4.00 51.00 55.00 NOTE
r-patched-linux-x86_64 1.0.1 3.58 30.25 33.83 NOTE
r-release-linux-x86_64 1.0.1 3.30 30.29 33.59 NOTE
r-release-macos-arm64 1.0.1 30.00 NOTE
r-release-macos-x86_64 1.0.1 38.00 NOTE
r-release-windows-x86_64 1.0.1 4.00 53.00 57.00 NOTE
r-oldrel-macos-arm64 1.0.1 29.00 OK
r-oldrel-macos-x86_64 1.0.1 32.00 OK
r-oldrel-windows-x86_64 1.0.1 6.00 59.00 65.00 OK

Check Details

Version: 1.0.1
Check: DESCRIPTION meta-information
Result: NOTE Missing dependency on R >= 4.1.0 because package code uses the pipe |> or function shorthand \(...) syntax added in R 4.1.0. File(s) using such syntax: ‘octopus_api.R’ Flavors: r-devel-linux-x86_64-debian-clang, r-devel-linux-x86_64-debian-gcc, r-devel-linux-x86_64-fedora-clang, r-devel-linux-x86_64-fedora-gcc, r-devel-windows-x86_64, r-patched-linux-x86_64, r-release-linux-x86_64, r-release-macos-arm64, r-release-macos-x86_64, r-release-windows-x86_64