Last updated on 2025-11-21 00:48:38 CET.
| Flavor | Version | Tinstall | Tcheck | Ttotal | Status | Flags |
|---|---|---|---|---|---|---|
| r-devel-linux-x86_64-debian-clang | 0.1.1 | 2.54 | 23.51 | 26.05 | OK | |
| r-devel-linux-x86_64-debian-gcc | 0.1.1 | 1.77 | 18.80 | 20.57 | OK | |
| r-devel-linux-x86_64-fedora-clang | 0.1.1 | 39.40 | OK | |||
| r-devel-linux-x86_64-fedora-gcc | 0.1.1 | 37.08 | OK | |||
| r-devel-windows-x86_64 | 0.1.1 | 4.00 | 38.00 | 42.00 | OK | |
| r-patched-linux-x86_64 | 0.1.1 | 2.67 | 21.87 | 24.54 | OK | |
| r-release-linux-x86_64 | 0.1.1 | 2.46 | 21.85 | 24.31 | OK | |
| r-release-macos-arm64 | 0.1.1 | OK | ||||
| r-release-macos-x86_64 | 0.1.1 | 4.00 | 35.00 | 39.00 | OK | |
| r-release-windows-x86_64 | 0.1.1 | 3.00 | 38.00 | 41.00 | OK | |
| r-oldrel-macos-arm64 | 0.1.1 | NOTE | ||||
| r-oldrel-macos-x86_64 | 0.1.1 | 3.00 | 29.00 | 32.00 | NOTE | |
| r-oldrel-windows-x86_64 | 0.1.1 | 3.00 | 39.00 | 42.00 | NOTE |
Version: 0.1.1
Check: LazyData
Result: NOTE
'LazyData' is specified without a 'data' directory
Flavors: r-oldrel-macos-arm64, r-oldrel-macos-x86_64, r-oldrel-windows-x86_64